{"id":461,"date":"2007-08-12T14:43:00","date_gmt":"2007-08-12T12:43:00","guid":{"rendered":"https:\/\/aecniger.org\/?post_type=filedeck_document&#038;p=461"},"modified":"2026-08-10T16:29:29","modified_gmt":"2026-08-10T14:29:29","slug":"reflexion-sur-le-conflit-arme-dans-le-nord-du-niger","status":"publish","type":"filedeck_document","link":"https:\/\/aecniger.org\/index.php\/document\/reflexion-sur-le-conflit-arme-dans-le-nord-du-niger\/","title":{"rendered":"R\u00e9flexion sur le conflit arm\u00e9 dans le Nord du Niger"},"content":{"rendered":"","protected":false},"excerpt":{"rendered":"<p>\u00abConflit arm\u00e9 dans le Nord du Niger : analyse des<br \/>\nenjeux g\u00e9opolitiques et impacts sur le cadre<br \/>\nd\u00e9mocratique\u00bb<br \/>\nRapport de synth\u00e8se de la Journ\u00e9e de r\u00e9flexion<br \/>\norganis\u00e9e par l\u2019ANDDH et Alternative Espaces Citoyens<br \/>\nH\u00f4tel T\u00e9n\u00e9r\u00e9, Niamey le 11 ao\u00fbt 2007<\/p>\n","protected":false},"author":1,"featured_media":462,"template":"","filedeck_category":[55,74],"filedeck_tag":[58],"class_list":["post-461","filedeck_document","type-filedeck_document","status-publish","has-post-thumbnail","hentry","filedeck_category-conflit-arme","filedeck_category-publication","filedeck_tag-conflit-arme","entry","has-media"],"yoast_head":"<!-- This site is optimized with the Yoast SEO plugin v28.4 - https:\/\/yoast.com\/product\/yoast-seo-wordpress\/ -->\n<title>R\u00e9flexion sur le conflit arm\u00e9 dans le Nord du Niger - Alternative Espaces Citoyens<\/title>\n<meta name=\"robots\" content=\"index, follow, max-snippet:-1, max-image-preview:large, max-video-preview:-1\" \/>\n<link rel=\"canonical\" href=\"https:\/\/aecniger.org\/index.php\/document\/reflexion-sur-le-conflit-arme-dans-le-nord-du-niger\/\" \/>\n<meta property=\"og:locale\" content=\"en_US\" \/>\n<meta property=\"og:type\" content=\"article\" \/>\n<meta property=\"og:title\" content=\"R\u00e9flexion sur le conflit arm\u00e9 dans le Nord du Niger - Alternative Espaces Citoyens\" \/>\n<meta property=\"og:description\" content=\"\u00abConflit arm\u00e9 dans le Nord du Niger : analyse des enjeux g\u00e9opolitiques et impacts sur le cadre d\u00e9mocratique\u00bb Rapport de synth\u00e8se de la Journ\u00e9e de r\u00e9flexion organis\u00e9e par l\u2019ANDDH et Alternative Espaces Citoyens H\u00f4tel T\u00e9n\u00e9r\u00e9, Niamey le 11 ao\u00fbt 2007\" \/>\n<meta property=\"og:url\" content=\"https:\/\/aecniger.org\/index.php\/document\/reflexion-sur-le-conflit-arme-dans-le-nord-du-niger\/\" \/>\n<meta property=\"og:site_name\" content=\"Alternative Espaces Citoyens\" \/>\n<meta property=\"article:modified_time\" content=\"2026-08-10T14:29:29+00:00\" \/>\n<meta property=\"og:image\" content=\"https:\/\/aecniger.org\/wp-content\/uploads\/2026\/08\/Conflit-arme-dans-le-nord-du-Niger.jpg\" \/>\n\t<meta property=\"og:image:width\" content=\"520\" \/>\n\t<meta property=\"og:image:height\" content=\"717\" \/>\n\t<meta property=\"og:image:type\" content=\"image\/jpeg\" \/>\n<meta name=\"twitter:card\" content=\"summary_large_image\" \/>\n<meta name=\"twitter:label1\" content=\"Est. reading time\" \/>\n\t<meta name=\"twitter:data1\" content=\"1 minute\" \/>\n<script type=\"application\/ld+json\" class=\"yoast-schema-graph\">{\"@context\":\"https:\\\/\\\/schema.org\",\"@graph\":[{\"@type\":\"WebPage\",\"@id\":\"https:\\\/\\\/aecniger.org\\\/index.php\\\/document\\\/reflexion-sur-le-conflit-arme-dans-le-nord-du-niger\\\/\",\"url\":\"https:\\\/\\\/aecniger.org\\\/index.php\\\/document\\\/reflexion-sur-le-conflit-arme-dans-le-nord-du-niger\\\/\",\"name\":\"R\u00e9flexion sur le conflit arm\u00e9 dans le Nord du Niger - Alternative Espaces Citoyens\",\"isPartOf\":{\"@id\":\"https:\\\/\\\/aecniger.org\\\/#website\"},\"primaryImageOfPage\":{\"@id\":\"https:\\\/\\\/aecniger.org\\\/index.php\\\/document\\\/reflexion-sur-le-conflit-arme-dans-le-nord-du-niger\\\/#primaryimage\"},\"image\":{\"@id\":\"https:\\\/\\\/aecniger.org\\\/index.php\\\/document\\\/reflexion-sur-le-conflit-arme-dans-le-nord-du-niger\\\/#primaryimage\"},\"thumbnailUrl\":\"https:\\\/\\\/aecniger.org\\\/wp-content\\\/uploads\\\/2026\\\/08\\\/Conflit-arme-dans-le-nord-du-Niger.jpg\",\"datePublished\":\"2007-08-12T12:43:00+00:00\",\"dateModified\":\"2026-08-10T14:29:29+00:00\",\"breadcrumb\":{\"@id\":\"https:\\\/\\\/aecniger.org\\\/index.php\\\/document\\\/reflexion-sur-le-conflit-arme-dans-le-nord-du-niger\\\/#breadcrumb\"},\"inLanguage\":\"en-US\",\"potentialAction\":[{\"@type\":\"ReadAction\",\"target\":[\"https:\\\/\\\/aecniger.org\\\/index.php\\\/document\\\/reflexion-sur-le-conflit-arme-dans-le-nord-du-niger\\\/\"]}]},{\"@type\":\"ImageObject\",\"inLanguage\":\"en-US\",\"@id\":\"https:\\\/\\\/aecniger.org\\\/index.php\\\/document\\\/reflexion-sur-le-conflit-arme-dans-le-nord-du-niger\\\/#primaryimage\",\"url\":\"https:\\\/\\\/aecniger.org\\\/wp-content\\\/uploads\\\/2026\\\/08\\\/Conflit-arme-dans-le-nord-du-Niger.jpg\",\"contentUrl\":\"https:\\\/\\\/aecniger.org\\\/wp-content\\\/uploads\\\/2026\\\/08\\\/Conflit-arme-dans-le-nord-du-Niger.jpg\",\"width\":520,\"height\":717},{\"@type\":\"BreadcrumbList\",\"@id\":\"https:\\\/\\\/aecniger.org\\\/index.php\\\/document\\\/reflexion-sur-le-conflit-arme-dans-le-nord-du-niger\\\/#breadcrumb\",\"itemListElement\":[{\"@type\":\"ListItem\",\"position\":1,\"name\":\"Home\",\"item\":\"https:\\\/\\\/aecniger.org\\\/\"},{\"@type\":\"ListItem\",\"position\":2,\"name\":\"R\u00e9flexion sur le conflit arm\u00e9 dans le Nord du Niger\"}]},{\"@type\":\"WebSite\",\"@id\":\"https:\\\/\\\/aecniger.org\\\/#website\",\"url\":\"https:\\\/\\\/aecniger.org\\\/\",\"name\":\"Alternative Espaces Citoyens\",\"description\":\"Ouvrir les portes de l&#039;avenir\",\"potentialAction\":[{\"@type\":\"SearchAction\",\"target\":{\"@type\":\"EntryPoint\",\"urlTemplate\":\"https:\\\/\\\/aecniger.org\\\/?s={search_term_string}\"},\"query-input\":{\"@type\":\"PropertyValueSpecification\",\"valueRequired\":true,\"valueName\":\"search_term_string\"}}],\"inLanguage\":\"en-US\"}]}<\/script>\n<!-- \/ Yoast SEO plugin. -->","yoast_head_json":{"title":"R\u00e9flexion sur le conflit arm\u00e9 dans le Nord du Niger - Alternative Espaces Citoyens","robots":{"index":"index","follow":"follow","max-snippet":"max-snippet:-1","max-image-preview":"max-image-preview:large","max-video-preview":"max-video-preview:-1"},"canonical":"https:\/\/aecniger.org\/index.php\/document\/reflexion-sur-le-conflit-arme-dans-le-nord-du-niger\/","og_locale":"en_US","og_type":"article","og_title":"R\u00e9flexion sur le conflit arm\u00e9 dans le Nord du Niger - Alternative Espaces Citoyens","og_description":"\u00abConflit arm\u00e9 dans le Nord du Niger : analyse des enjeux g\u00e9opolitiques et impacts sur le cadre d\u00e9mocratique\u00bb Rapport de synth\u00e8se de la Journ\u00e9e de r\u00e9flexion organis\u00e9e par l\u2019ANDDH et Alternative Espaces Citoyens H\u00f4tel T\u00e9n\u00e9r\u00e9, Niamey le 11 ao\u00fbt 2007","og_url":"https:\/\/aecniger.org\/index.php\/document\/reflexion-sur-le-conflit-arme-dans-le-nord-du-niger\/","og_site_name":"Alternative Espaces Citoyens","article_modified_time":"2026-08-10T14:29:29+00:00","og_image":[{"width":520,"height":717,"url":"https:\/\/aecniger.org\/wp-content\/uploads\/2026\/08\/Conflit-arme-dans-le-nord-du-Niger.jpg","type":"image\/jpeg"}],"twitter_card":"summary_large_image","twitter_misc":{"Est. reading time":"1 minute"},"schema":{"@context":"https:\/\/schema.org","@graph":[{"@type":"WebPage","@id":"https:\/\/aecniger.org\/index.php\/document\/reflexion-sur-le-conflit-arme-dans-le-nord-du-niger\/","url":"https:\/\/aecniger.org\/index.php\/document\/reflexion-sur-le-conflit-arme-dans-le-nord-du-niger\/","name":"R\u00e9flexion sur le conflit arm\u00e9 dans le Nord du Niger - Alternative Espaces Citoyens","isPartOf":{"@id":"https:\/\/aecniger.org\/#website"},"primaryImageOfPage":{"@id":"https:\/\/aecniger.org\/index.php\/document\/reflexion-sur-le-conflit-arme-dans-le-nord-du-niger\/#primaryimage"},"image":{"@id":"https:\/\/aecniger.org\/index.php\/document\/reflexion-sur-le-conflit-arme-dans-le-nord-du-niger\/#primaryimage"},"thumbnailUrl":"https:\/\/aecniger.org\/wp-content\/uploads\/2026\/08\/Conflit-arme-dans-le-nord-du-Niger.jpg","datePublished":"2007-08-12T12:43:00+00:00","dateModified":"2026-08-10T14:29:29+00:00","breadcrumb":{"@id":"https:\/\/aecniger.org\/index.php\/document\/reflexion-sur-le-conflit-arme-dans-le-nord-du-niger\/#breadcrumb"},"inLanguage":"en-US","potentialAction":[{"@type":"ReadAction","target":["https:\/\/aecniger.org\/index.php\/document\/reflexion-sur-le-conflit-arme-dans-le-nord-du-niger\/"]}]},{"@type":"ImageObject","inLanguage":"en-US","@id":"https:\/\/aecniger.org\/index.php\/document\/reflexion-sur-le-conflit-arme-dans-le-nord-du-niger\/#primaryimage","url":"https:\/\/aecniger.org\/wp-content\/uploads\/2026\/08\/Conflit-arme-dans-le-nord-du-Niger.jpg","contentUrl":"https:\/\/aecniger.org\/wp-content\/uploads\/2026\/08\/Conflit-arme-dans-le-nord-du-Niger.jpg","width":520,"height":717},{"@type":"BreadcrumbList","@id":"https:\/\/aecniger.org\/index.php\/document\/reflexion-sur-le-conflit-arme-dans-le-nord-du-niger\/#breadcrumb","itemListElement":[{"@type":"ListItem","position":1,"name":"Home","item":"https:\/\/aecniger.org\/"},{"@type":"ListItem","position":2,"name":"R\u00e9flexion sur le conflit arm\u00e9 dans le Nord du Niger"}]},{"@type":"WebSite","@id":"https:\/\/aecniger.org\/#website","url":"https:\/\/aecniger.org\/","name":"Alternative Espaces Citoyens","description":"Ouvrir les portes de l&#039;avenir","potentialAction":[{"@type":"SearchAction","target":{"@type":"EntryPoint","urlTemplate":"https:\/\/aecniger.org\/?s={search_term_string}"},"query-input":{"@type":"PropertyValueSpecification","valueRequired":true,"valueName":"search_term_string"}}],"inLanguage":"en-US"}]}},"_links":{"self":[{"href":"https:\/\/aecniger.org\/index.php\/wp-json\/wp\/v2\/filedeck_document\/461","targetHints":{"allow":["GET"]}}],"collection":[{"href":"https:\/\/aecniger.org\/index.php\/wp-json\/wp\/v2\/filedeck_document"}],"about":[{"href":"https:\/\/aecniger.org\/index.php\/wp-json\/wp\/v2\/types\/filedeck_document"}],"author":[{"embeddable":true,"href":"https:\/\/aecniger.org\/index.php\/wp-json\/wp\/v2\/users\/1"}],"wp:featuredmedia":[{"embeddable":true,"href":"https:\/\/aecniger.org\/index.php\/wp-json\/wp\/v2\/media\/462"}],"wp:attachment":[{"href":"https:\/\/aecniger.org\/index.php\/wp-json\/wp\/v2\/media?parent=461"}],"wp:term":[{"taxonomy":"filedeck_category","embeddable":true,"href":"https:\/\/aecniger.org\/index.php\/wp-json\/wp\/v2\/filedeck_category?post=461"},{"taxonomy":"filedeck_tag","embeddable":true,"href":"https:\/\/aecniger.org\/index.php\/wp-json\/wp\/v2\/filedeck_tag?post=461"}],"curies":[{"name":"wp","href":"https:\/\/api.w.org\/{rel}","templated":true}]}}

Réflexion sur le conflit armé dans le Nord du Niger

<p>«Conflit armé dans le Nord du Niger : analyse des<br />
enjeux géopolitiques et impacts sur le cadre<br />
démocratique»<br />
Rapport de synthèse de la Journée de réflexion<br />
organisée par l’ANDDH et Alternative Espaces Citoyens<br />
Hôtel Ténéré, Niamey le 11 août 2007</p>

<!-- This site is optimized with the Yoast SEO plugin v28.4 - https://yoast.com/product/yoast-seo-wordpress/ -->
<title>Réflexion sur le conflit armé dans le Nord du Niger - Alternative Espaces Citoyens</title>
<meta name="robots" content="index, follow, max-snippet:-1, max-image-preview:large, max-video-preview:-1" />
<link rel="canonical" href="https://aecniger.org/index.php/document/reflexion-sur-le-conflit-arme-dans-le-nord-du-niger/" />
<meta property="og:locale" content="en_US" />
<meta property="og:type" content="article" />
<meta property="og:title" content="Réflexion sur le conflit armé dans le Nord du Niger - Alternative Espaces Citoyens" />
<meta property="og:description" content="«Conflit armé dans le Nord du Niger : analyse des enjeux géopolitiques et impacts sur le cadre démocratique» Rapport de synthèse de la Journée de réflexion organisée par l’ANDDH et Alternative Espaces Citoyens Hôtel Ténéré, Niamey le 11 août 2007" />
<meta property="og:url" content="https://aecniger.org/index.php/document/reflexion-sur-le-conflit-arme-dans-le-nord-du-niger/" />
<meta property="og:site_name" content="Alternative Espaces Citoyens" />
<meta property="article:modified_time" content="2026-08-10T14:29:29+00:00" />
<meta property="og:image" content="https://aecniger.org/wp-content/uploads/2026/08/Conflit-arme-dans-le-nord-du-Niger.jpg" />
	<meta property="og:image:width" content="520" />
	<meta property="og:image:height" content="717" />
	<meta property="og:image:type" content="image/jpeg" />
<meta name="twitter:card" content="summary_large_image" />
<meta name="twitter:label1" content="Est. reading time" />
	<meta name="twitter:data1" content="1 minute" />
<script type="application/ld+json" class="yoast-schema-graph">{"@context":"https:\/\/schema.org","@graph":[{"@type":"WebPage","@id":"https:\/\/aecniger.org\/index.php\/document\/reflexion-sur-le-conflit-arme-dans-le-nord-du-niger\/","url":"https:\/\/aecniger.org\/index.php\/document\/reflexion-sur-le-conflit-arme-dans-le-nord-du-niger\/","name":"Réflexion sur le conflit armé dans le Nord du Niger - Alternative Espaces Citoyens","isPartOf":{"@id":"https:\/\/aecniger.org\/#website"},"primaryImageOfPage":{"@id":"https:\/\/aecniger.org\/index.php\/document\/reflexion-sur-le-conflit-arme-dans-le-nord-du-niger\/#primaryimage"},"image":{"@id":"https:\/\/aecniger.org\/index.php\/document\/reflexion-sur-le-conflit-arme-dans-le-nord-du-niger\/#primaryimage"},"thumbnailUrl":"https:\/\/aecniger.org\/wp-content\/uploads\/2026\/08\/Conflit-arme-dans-le-nord-du-Niger.jpg","datePublished":"2007-08-12T12:43:00+00:00","dateModified":"2026-08-10T14:29:29+00:00","breadcrumb":{"@id":"https:\/\/aecniger.org\/index.php\/document\/reflexion-sur-le-conflit-arme-dans-le-nord-du-niger\/#breadcrumb"},"inLanguage":"en-US","potentialAction":[{"@type":"ReadAction","target":["https:\/\/aecniger.org\/index.php\/document\/reflexion-sur-le-conflit-arme-dans-le-nord-du-niger\/"]}]},{"@type":"ImageObject","inLanguage":"en-US","@id":"https:\/\/aecniger.org\/index.php\/document\/reflexion-sur-le-conflit-arme-dans-le-nord-du-niger\/#primaryimage","url":"https:\/\/aecniger.org\/wp-content\/uploads\/2026\/08\/Conflit-arme-dans-le-nord-du-Niger.jpg","contentUrl":"https:\/\/aecniger.org\/wp-content\/uploads\/2026\/08\/Conflit-arme-dans-le-nord-du-Niger.jpg","width":520,"height":717},{"@type":"BreadcrumbList","@id":"https:\/\/aecniger.org\/index.php\/document\/reflexion-sur-le-conflit-arme-dans-le-nord-du-niger\/#breadcrumb","itemListElement":[{"@type":"ListItem","position":1,"name":"Home","item":"https:\/\/aecniger.org\/"},{"@type":"ListItem","position":2,"name":"Réflexion sur le conflit armé dans le Nord du Niger"}]},{"@type":"WebSite","@id":"https:\/\/aecniger.org\/#website","url":"https:\/\/aecniger.org\/","name":"Alternative Espaces Citoyens","description":"Ouvrir les portes de l&#039;avenir","potentialAction":[{"@type":"SearchAction","target":{"@type":"EntryPoint","urlTemplate":"https:\/\/aecniger.org\/?s={search_term_string}"},"query-input":{"@type":"PropertyValueSpecification","valueRequired":true,"valueName":"search_term_string"}}],"inLanguage":"en-US"}]}</script>
<!-- / Yoast SEO plugin. -->

Réflexion sur le conflit armé dans le Nord du Niger - Alternative Espaces Citoyens

«Conflit armé dans le Nord du Niger : analyse des enjeux géopolitiques et impacts sur le cadre démocratique» Rapport de synthèse de la Journée de réflexion organisée par l’ANDDH et Alternative Espaces Citoyens Hôtel Ténéré, Niamey le 11 août 2007
