{"id":458,"date":"2009-05-31T14:36:00","date_gmt":"2009-05-31T12:36:00","guid":{"rendered":"https:\/\/aecniger.org\/?post_type=filedeck_document&#038;p=458"},"modified":"2026-08-10T16:28:48","modified_gmt":"2026-08-10T14:28:48","slug":"referendum-constitutionnel-au-niger-2009","status":"publish","type":"filedeck_document","link":"https:\/\/aecniger.org\/index.php\/document\/referendum-constitutionnel-au-niger-2009\/","title":{"rendered":"Referendum Constitutionnel au Niger &#8211; 2009"},"content":{"rendered":"","protected":false},"excerpt":{"rendered":"<p>\u00abR\u00e9f\u00e9rendum constitutionnel au Niger :<br \/>\nEnjeux politiques et impacts sur la<br \/>\npr\u00e9servation du cadre d\u00e9mocratique\u00bb<br \/>\nRapport de synth\u00e8se de la Journ\u00e9e de r\u00e9flexion<br \/>\nOrganis\u00e9e par Alternative Espaces Citoyens<br \/>\nH\u00f4tel T\u00e9n\u00e9r\u00e9, Niamey le 31 Mai 2009<\/p>\n","protected":false},"author":1,"featured_media":459,"template":"","filedeck_category":[31,74,67],"filedeck_tag":[33],"class_list":["post-458","filedeck_document","type-filedeck_document","status-publish","has-post-thumbnail","hentry","filedeck_category-constitution","filedeck_category-publication","filedeck_category-referendum","filedeck_tag-referendum","entry","has-media"],"yoast_head":"<!-- This site is optimized with the Yoast SEO plugin v28.4 - https:\/\/yoast.com\/product\/yoast-seo-wordpress\/ -->\n<title>Referendum Constitutionnel au Niger - 2009 - Alternative Espaces Citoyens<\/title>\n<meta name=\"robots\" content=\"index, follow, max-snippet:-1, max-image-preview:large, max-video-preview:-1\" \/>\n<link rel=\"canonical\" href=\"https:\/\/aecniger.org\/index.php\/document\/referendum-constitutionnel-au-niger-2009\/\" \/>\n<meta property=\"og:locale\" content=\"en_US\" \/>\n<meta property=\"og:type\" content=\"article\" \/>\n<meta property=\"og:title\" content=\"Referendum Constitutionnel au Niger - 2009 - Alternative Espaces Citoyens\" \/>\n<meta property=\"og:description\" content=\"\u00abR\u00e9f\u00e9rendum constitutionnel au Niger : Enjeux politiques et impacts sur la pr\u00e9servation du cadre d\u00e9mocratique\u00bb Rapport de synth\u00e8se de la Journ\u00e9e de r\u00e9flexion Organis\u00e9e par Alternative Espaces Citoyens H\u00f4tel T\u00e9n\u00e9r\u00e9, Niamey le 31 Mai 2009\" \/>\n<meta property=\"og:url\" content=\"https:\/\/aecniger.org\/index.php\/document\/referendum-constitutionnel-au-niger-2009\/\" \/>\n<meta property=\"og:site_name\" content=\"Alternative Espaces Citoyens\" \/>\n<meta property=\"article:modified_time\" content=\"2026-08-10T14:28:48+00:00\" \/>\n<meta property=\"og:image\" content=\"https:\/\/aecniger.org\/wp-content\/uploads\/2026\/08\/Referendum-Constitutuionnel-au-Niger.jpg\" \/>\n\t<meta property=\"og:image:width\" content=\"593\" \/>\n\t<meta property=\"og:image:height\" content=\"838\" \/>\n\t<meta property=\"og:image:type\" content=\"image\/jpeg\" \/>\n<meta name=\"twitter:card\" content=\"summary_large_image\" \/>\n<meta name=\"twitter:label1\" content=\"Est. reading time\" \/>\n\t<meta name=\"twitter:data1\" content=\"1 minute\" \/>\n<script type=\"application\/ld+json\" class=\"yoast-schema-graph\">{\"@context\":\"https:\\\/\\\/schema.org\",\"@graph\":[{\"@type\":\"WebPage\",\"@id\":\"https:\\\/\\\/aecniger.org\\\/index.php\\\/document\\\/referendum-constitutionnel-au-niger-2009\\\/\",\"url\":\"https:\\\/\\\/aecniger.org\\\/index.php\\\/document\\\/referendum-constitutionnel-au-niger-2009\\\/\",\"name\":\"Referendum Constitutionnel au Niger - 2009 - Alternative Espaces Citoyens\",\"isPartOf\":{\"@id\":\"https:\\\/\\\/aecniger.org\\\/#website\"},\"primaryImageOfPage\":{\"@id\":\"https:\\\/\\\/aecniger.org\\\/index.php\\\/document\\\/referendum-constitutionnel-au-niger-2009\\\/#primaryimage\"},\"image\":{\"@id\":\"https:\\\/\\\/aecniger.org\\\/index.php\\\/document\\\/referendum-constitutionnel-au-niger-2009\\\/#primaryimage\"},\"thumbnailUrl\":\"https:\\\/\\\/aecniger.org\\\/wp-content\\\/uploads\\\/2026\\\/08\\\/Referendum-Constitutuionnel-au-Niger.jpg\",\"datePublished\":\"2009-05-31T12:36:00+00:00\",\"dateModified\":\"2026-08-10T14:28:48+00:00\",\"breadcrumb\":{\"@id\":\"https:\\\/\\\/aecniger.org\\\/index.php\\\/document\\\/referendum-constitutionnel-au-niger-2009\\\/#breadcrumb\"},\"inLanguage\":\"en-US\",\"potentialAction\":[{\"@type\":\"ReadAction\",\"target\":[\"https:\\\/\\\/aecniger.org\\\/index.php\\\/document\\\/referendum-constitutionnel-au-niger-2009\\\/\"]}]},{\"@type\":\"ImageObject\",\"inLanguage\":\"en-US\",\"@id\":\"https:\\\/\\\/aecniger.org\\\/index.php\\\/document\\\/referendum-constitutionnel-au-niger-2009\\\/#primaryimage\",\"url\":\"https:\\\/\\\/aecniger.org\\\/wp-content\\\/uploads\\\/2026\\\/08\\\/Referendum-Constitutuionnel-au-Niger.jpg\",\"contentUrl\":\"https:\\\/\\\/aecniger.org\\\/wp-content\\\/uploads\\\/2026\\\/08\\\/Referendum-Constitutuionnel-au-Niger.jpg\",\"width\":593,\"height\":838},{\"@type\":\"BreadcrumbList\",\"@id\":\"https:\\\/\\\/aecniger.org\\\/index.php\\\/document\\\/referendum-constitutionnel-au-niger-2009\\\/#breadcrumb\",\"itemListElement\":[{\"@type\":\"ListItem\",\"position\":1,\"name\":\"Home\",\"item\":\"https:\\\/\\\/aecniger.org\\\/\"},{\"@type\":\"ListItem\",\"position\":2,\"name\":\"Referendum Constitutionnel au Niger &#8211; 2009\"}]},{\"@type\":\"WebSite\",\"@id\":\"https:\\\/\\\/aecniger.org\\\/#website\",\"url\":\"https:\\\/\\\/aecniger.org\\\/\",\"name\":\"Alternative Espaces Citoyens\",\"description\":\"Ouvrir les portes de l&#039;avenir\",\"potentialAction\":[{\"@type\":\"SearchAction\",\"target\":{\"@type\":\"EntryPoint\",\"urlTemplate\":\"https:\\\/\\\/aecniger.org\\\/?s={search_term_string}\"},\"query-input\":{\"@type\":\"PropertyValueSpecification\",\"valueRequired\":true,\"valueName\":\"search_term_string\"}}],\"inLanguage\":\"en-US\"}]}<\/script>\n<!-- \/ Yoast SEO plugin. -->","yoast_head_json":{"title":"Referendum Constitutionnel au Niger - 2009 - Alternative Espaces Citoyens","robots":{"index":"index","follow":"follow","max-snippet":"max-snippet:-1","max-image-preview":"max-image-preview:large","max-video-preview":"max-video-preview:-1"},"canonical":"https:\/\/aecniger.org\/index.php\/document\/referendum-constitutionnel-au-niger-2009\/","og_locale":"en_US","og_type":"article","og_title":"Referendum Constitutionnel au Niger - 2009 - Alternative Espaces Citoyens","og_description":"\u00abR\u00e9f\u00e9rendum constitutionnel au Niger : Enjeux politiques et impacts sur la pr\u00e9servation du cadre d\u00e9mocratique\u00bb Rapport de synth\u00e8se de la Journ\u00e9e de r\u00e9flexion Organis\u00e9e par Alternative Espaces Citoyens H\u00f4tel T\u00e9n\u00e9r\u00e9, Niamey le 31 Mai 2009","og_url":"https:\/\/aecniger.org\/index.php\/document\/referendum-constitutionnel-au-niger-2009\/","og_site_name":"Alternative Espaces Citoyens","article_modified_time":"2026-08-10T14:28:48+00:00","og_image":[{"width":593,"height":838,"url":"https:\/\/aecniger.org\/wp-content\/uploads\/2026\/08\/Referendum-Constitutuionnel-au-Niger.jpg","type":"image\/jpeg"}],"twitter_card":"summary_large_image","twitter_misc":{"Est. reading time":"1 minute"},"schema":{"@context":"https:\/\/schema.org","@graph":[{"@type":"WebPage","@id":"https:\/\/aecniger.org\/index.php\/document\/referendum-constitutionnel-au-niger-2009\/","url":"https:\/\/aecniger.org\/index.php\/document\/referendum-constitutionnel-au-niger-2009\/","name":"Referendum Constitutionnel au Niger - 2009 - Alternative Espaces Citoyens","isPartOf":{"@id":"https:\/\/aecniger.org\/#website"},"primaryImageOfPage":{"@id":"https:\/\/aecniger.org\/index.php\/document\/referendum-constitutionnel-au-niger-2009\/#primaryimage"},"image":{"@id":"https:\/\/aecniger.org\/index.php\/document\/referendum-constitutionnel-au-niger-2009\/#primaryimage"},"thumbnailUrl":"https:\/\/aecniger.org\/wp-content\/uploads\/2026\/08\/Referendum-Constitutuionnel-au-Niger.jpg","datePublished":"2009-05-31T12:36:00+00:00","dateModified":"2026-08-10T14:28:48+00:00","breadcrumb":{"@id":"https:\/\/aecniger.org\/index.php\/document\/referendum-constitutionnel-au-niger-2009\/#breadcrumb"},"inLanguage":"en-US","potentialAction":[{"@type":"ReadAction","target":["https:\/\/aecniger.org\/index.php\/document\/referendum-constitutionnel-au-niger-2009\/"]}]},{"@type":"ImageObject","inLanguage":"en-US","@id":"https:\/\/aecniger.org\/index.php\/document\/referendum-constitutionnel-au-niger-2009\/#primaryimage","url":"https:\/\/aecniger.org\/wp-content\/uploads\/2026\/08\/Referendum-Constitutuionnel-au-Niger.jpg","contentUrl":"https:\/\/aecniger.org\/wp-content\/uploads\/2026\/08\/Referendum-Constitutuionnel-au-Niger.jpg","width":593,"height":838},{"@type":"BreadcrumbList","@id":"https:\/\/aecniger.org\/index.php\/document\/referendum-constitutionnel-au-niger-2009\/#breadcrumb","itemListElement":[{"@type":"ListItem","position":1,"name":"Home","item":"https:\/\/aecniger.org\/"},{"@type":"ListItem","position":2,"name":"Referendum Constitutionnel au Niger &#8211; 2009"}]},{"@type":"WebSite","@id":"https:\/\/aecniger.org\/#website","url":"https:\/\/aecniger.org\/","name":"Alternative Espaces Citoyens","description":"Ouvrir les portes de l&#039;avenir","potentialAction":[{"@type":"SearchAction","target":{"@type":"EntryPoint","urlTemplate":"https:\/\/aecniger.org\/?s={search_term_string}"},"query-input":{"@type":"PropertyValueSpecification","valueRequired":true,"valueName":"search_term_string"}}],"inLanguage":"en-US"}]}},"_links":{"self":[{"href":"https:\/\/aecniger.org\/index.php\/wp-json\/wp\/v2\/filedeck_document\/458","targetHints":{"allow":["GET"]}}],"collection":[{"href":"https:\/\/aecniger.org\/index.php\/wp-json\/wp\/v2\/filedeck_document"}],"about":[{"href":"https:\/\/aecniger.org\/index.php\/wp-json\/wp\/v2\/types\/filedeck_document"}],"author":[{"embeddable":true,"href":"https:\/\/aecniger.org\/index.php\/wp-json\/wp\/v2\/users\/1"}],"wp:featuredmedia":[{"embeddable":true,"href":"https:\/\/aecniger.org\/index.php\/wp-json\/wp\/v2\/media\/459"}],"wp:attachment":[{"href":"https:\/\/aecniger.org\/index.php\/wp-json\/wp\/v2\/media?parent=458"}],"wp:term":[{"taxonomy":"filedeck_category","embeddable":true,"href":"https:\/\/aecniger.org\/index.php\/wp-json\/wp\/v2\/filedeck_category?post=458"},{"taxonomy":"filedeck_tag","embeddable":true,"href":"https:\/\/aecniger.org\/index.php\/wp-json\/wp\/v2\/filedeck_tag?post=458"}],"curies":[{"name":"wp","href":"https:\/\/api.w.org\/{rel}","templated":true}]}}

<p>«Référendum constitutionnel au Niger :<br />
Enjeux politiques et impacts sur la<br />
préservation du cadre démocratique»<br />
Rapport de synthèse de la Journée de réflexion<br />
Organisée par Alternative Espaces Citoyens<br />
Hôtel Ténéré, Niamey le 31 Mai 2009</p>

<!-- This site is optimized with the Yoast SEO plugin v28.4 - https://yoast.com/product/yoast-seo-wordpress/ -->
<title>Referendum Constitutionnel au Niger - 2009 - Alternative Espaces Citoyens</title>
<meta name="robots" content="index, follow, max-snippet:-1, max-image-preview:large, max-video-preview:-1" />
<link rel="canonical" href="https://aecniger.org/index.php/document/referendum-constitutionnel-au-niger-2009/" />
<meta property="og:locale" content="en_US" />
<meta property="og:type" content="article" />
<meta property="og:title" content="Referendum Constitutionnel au Niger - 2009 - Alternative Espaces Citoyens" />
<meta property="og:description" content="«Référendum constitutionnel au Niger : Enjeux politiques et impacts sur la préservation du cadre démocratique» Rapport de synthèse de la Journée de réflexion Organisée par Alternative Espaces Citoyens Hôtel Ténéré, Niamey le 31 Mai 2009" />
<meta property="og:url" content="https://aecniger.org/index.php/document/referendum-constitutionnel-au-niger-2009/" />
<meta property="og:site_name" content="Alternative Espaces Citoyens" />
<meta property="article:modified_time" content="2026-08-10T14:28:48+00:00" />
<meta property="og:image" content="https://aecniger.org/wp-content/uploads/2026/08/Referendum-Constitutuionnel-au-Niger.jpg" />
	<meta property="og:image:width" content="593" />
	<meta property="og:image:height" content="838" />
	<meta property="og:image:type" content="image/jpeg" />
<meta name="twitter:card" content="summary_large_image" />
<meta name="twitter:label1" content="Est. reading time" />
	<meta name="twitter:data1" content="1 minute" />
<script type="application/ld+json" class="yoast-schema-graph">{"@context":"https:\/\/schema.org","@graph":[{"@type":"WebPage","@id":"https:\/\/aecniger.org\/index.php\/document\/referendum-constitutionnel-au-niger-2009\/","url":"https:\/\/aecniger.org\/index.php\/document\/referendum-constitutionnel-au-niger-2009\/","name":"Referendum Constitutionnel au Niger - 2009 - Alternative Espaces Citoyens","isPartOf":{"@id":"https:\/\/aecniger.org\/#website"},"primaryImageOfPage":{"@id":"https:\/\/aecniger.org\/index.php\/document\/referendum-constitutionnel-au-niger-2009\/#primaryimage"},"image":{"@id":"https:\/\/aecniger.org\/index.php\/document\/referendum-constitutionnel-au-niger-2009\/#primaryimage"},"thumbnailUrl":"https:\/\/aecniger.org\/wp-content\/uploads\/2026\/08\/Referendum-Constitutuionnel-au-Niger.jpg","datePublished":"2009-05-31T12:36:00+00:00","dateModified":"2026-08-10T14:28:48+00:00","breadcrumb":{"@id":"https:\/\/aecniger.org\/index.php\/document\/referendum-constitutionnel-au-niger-2009\/#breadcrumb"},"inLanguage":"en-US","potentialAction":[{"@type":"ReadAction","target":["https:\/\/aecniger.org\/index.php\/document\/referendum-constitutionnel-au-niger-2009\/"]}]},{"@type":"ImageObject","inLanguage":"en-US","@id":"https:\/\/aecniger.org\/index.php\/document\/referendum-constitutionnel-au-niger-2009\/#primaryimage","url":"https:\/\/aecniger.org\/wp-content\/uploads\/2026\/08\/Referendum-Constitutuionnel-au-Niger.jpg","contentUrl":"https:\/\/aecniger.org\/wp-content\/uploads\/2026\/08\/Referendum-Constitutuionnel-au-Niger.jpg","width":593,"height":838},{"@type":"BreadcrumbList","@id":"https:\/\/aecniger.org\/index.php\/document\/referendum-constitutionnel-au-niger-2009\/#breadcrumb","itemListElement":[{"@type":"ListItem","position":1,"name":"Home","item":"https:\/\/aecniger.org\/"},{"@type":"ListItem","position":2,"name":"Referendum Constitutionnel au Niger &#8211; 2009"}]},{"@type":"WebSite","@id":"https:\/\/aecniger.org\/#website","url":"https:\/\/aecniger.org\/","name":"Alternative Espaces Citoyens","description":"Ouvrir les portes de l&#039;avenir","potentialAction":[{"@type":"SearchAction","target":{"@type":"EntryPoint","urlTemplate":"https:\/\/aecniger.org\/?s={search_term_string}"},"query-input":{"@type":"PropertyValueSpecification","valueRequired":true,"valueName":"search_term_string"}}],"inLanguage":"en-US"}]}</script>
<!-- / Yoast SEO plugin. -->

«Référendum constitutionnel au Niger : Enjeux politiques et impacts sur la préservation du cadre démocratique» Rapport de synthèse de la Journée de réflexion Organisée par Alternative Espaces Citoyens Hôtel Ténéré, Niamey le 31 Mai 2009
