{"id":455,"date":"2010-03-15T14:22:00","date_gmt":"2010-03-15T13:22:00","guid":{"rendered":"https:\/\/aecniger.org\/?post_type=filedeck_document&#038;p=455"},"modified":"2026-08-10T16:28:04","modified_gmt":"2026-08-10T14:28:04","slug":"rapport-journees-de-reflexion-sur-la-transition","status":"publish","type":"filedeck_document","link":"https:\/\/aecniger.org\/index.php\/document\/rapport-journees-de-reflexion-sur-la-transition\/","title":{"rendered":"Rapport Journ\u00e9es de R\u00e9flexion sur la Transition"},"content":{"rendered":"","protected":false},"excerpt":{"rendered":"<p>\u00abTransition vers la d\u00e9mocratie au Niger :<br \/>\nanalyses et propositions pour b\u00e2tir un v\u00e9ritable<br \/>\n\u00e9tat de droit et r\u00e9aliser des avanc\u00e9es<br \/>\nd\u00e9mocratiques\u00bb<br \/>\nRapport de synth\u00e8se des Journ\u00e9es de r\u00e9flexion<br \/>\norganis\u00e9es par l\u2019ANDDH et Alternative Espaces Citoyens<br \/>\nH\u00f4tel T\u00e9n\u00e9r\u00e9, Niamey les 13 et 14 Mars 2010<\/p>\n","protected":false},"author":1,"featured_media":456,"template":"","filedeck_category":[63,62,29,74,57],"filedeck_tag":[66,65,64],"class_list":["post-455","filedeck_document","type-filedeck_document","status-publish","has-post-thumbnail","hentry","filedeck_category-democratie","filedeck_category-etat-de-droit","filedeck_category-politique","filedeck_category-publication","filedeck_category-transition-militaire","filedeck_tag-democratie","filedeck_tag-etat-de-droit","filedeck_tag-transition","entry","has-media"],"yoast_head":"<!-- This site is optimized with the Yoast SEO plugin v28.4 - https:\/\/yoast.com\/product\/yoast-seo-wordpress\/ -->\n<title>Rapport Journ\u00e9es de R\u00e9flexion sur la Transition - Alternative Espaces Citoyens<\/title>\n<meta name=\"robots\" content=\"index, follow, max-snippet:-1, max-image-preview:large, max-video-preview:-1\" \/>\n<link rel=\"canonical\" href=\"https:\/\/aecniger.org\/index.php\/document\/rapport-journees-de-reflexion-sur-la-transition\/\" \/>\n<meta property=\"og:locale\" content=\"en_US\" \/>\n<meta property=\"og:type\" content=\"article\" \/>\n<meta property=\"og:title\" content=\"Rapport Journ\u00e9es de R\u00e9flexion sur la Transition - Alternative Espaces Citoyens\" \/>\n<meta property=\"og:description\" content=\"\u00abTransition vers la d\u00e9mocratie au Niger : analyses et propositions pour b\u00e2tir un v\u00e9ritable \u00e9tat de droit et r\u00e9aliser des avanc\u00e9es d\u00e9mocratiques\u00bb Rapport de synth\u00e8se des Journ\u00e9es de r\u00e9flexion organis\u00e9es par l\u2019ANDDH et Alternative Espaces Citoyens H\u00f4tel T\u00e9n\u00e9r\u00e9, Niamey les 13 et 14 Mars 2010\" \/>\n<meta property=\"og:url\" content=\"https:\/\/aecniger.org\/index.php\/document\/rapport-journees-de-reflexion-sur-la-transition\/\" \/>\n<meta property=\"og:site_name\" content=\"Alternative Espaces Citoyens\" \/>\n<meta property=\"article:modified_time\" content=\"2026-08-10T14:28:04+00:00\" \/>\n<meta property=\"og:image\" content=\"https:\/\/aecniger.org\/wp-content\/uploads\/2026\/08\/Transition-vers-la-democratie-au-Niger.jpg\" \/>\n\t<meta property=\"og:image:width\" content=\"470\" \/>\n\t<meta property=\"og:image:height\" content=\"649\" \/>\n\t<meta property=\"og:image:type\" content=\"image\/jpeg\" \/>\n<meta name=\"twitter:card\" content=\"summary_large_image\" \/>\n<meta name=\"twitter:label1\" content=\"Est. reading time\" \/>\n\t<meta name=\"twitter:data1\" content=\"1 minute\" \/>\n<script type=\"application\/ld+json\" class=\"yoast-schema-graph\">{\"@context\":\"https:\\\/\\\/schema.org\",\"@graph\":[{\"@type\":\"WebPage\",\"@id\":\"https:\\\/\\\/aecniger.org\\\/index.php\\\/document\\\/rapport-journees-de-reflexion-sur-la-transition\\\/\",\"url\":\"https:\\\/\\\/aecniger.org\\\/index.php\\\/document\\\/rapport-journees-de-reflexion-sur-la-transition\\\/\",\"name\":\"Rapport Journ\u00e9es de R\u00e9flexion sur la Transition - Alternative Espaces Citoyens\",\"isPartOf\":{\"@id\":\"https:\\\/\\\/aecniger.org\\\/#website\"},\"primaryImageOfPage\":{\"@id\":\"https:\\\/\\\/aecniger.org\\\/index.php\\\/document\\\/rapport-journees-de-reflexion-sur-la-transition\\\/#primaryimage\"},\"image\":{\"@id\":\"https:\\\/\\\/aecniger.org\\\/index.php\\\/document\\\/rapport-journees-de-reflexion-sur-la-transition\\\/#primaryimage\"},\"thumbnailUrl\":\"https:\\\/\\\/aecniger.org\\\/wp-content\\\/uploads\\\/2026\\\/08\\\/Transition-vers-la-democratie-au-Niger.jpg\",\"datePublished\":\"2010-03-15T13:22:00+00:00\",\"dateModified\":\"2026-08-10T14:28:04+00:00\",\"breadcrumb\":{\"@id\":\"https:\\\/\\\/aecniger.org\\\/index.php\\\/document\\\/rapport-journees-de-reflexion-sur-la-transition\\\/#breadcrumb\"},\"inLanguage\":\"en-US\",\"potentialAction\":[{\"@type\":\"ReadAction\",\"target\":[\"https:\\\/\\\/aecniger.org\\\/index.php\\\/document\\\/rapport-journees-de-reflexion-sur-la-transition\\\/\"]}]},{\"@type\":\"ImageObject\",\"inLanguage\":\"en-US\",\"@id\":\"https:\\\/\\\/aecniger.org\\\/index.php\\\/document\\\/rapport-journees-de-reflexion-sur-la-transition\\\/#primaryimage\",\"url\":\"https:\\\/\\\/aecniger.org\\\/wp-content\\\/uploads\\\/2026\\\/08\\\/Transition-vers-la-democratie-au-Niger.jpg\",\"contentUrl\":\"https:\\\/\\\/aecniger.org\\\/wp-content\\\/uploads\\\/2026\\\/08\\\/Transition-vers-la-democratie-au-Niger.jpg\",\"width\":470,\"height\":649},{\"@type\":\"BreadcrumbList\",\"@id\":\"https:\\\/\\\/aecniger.org\\\/index.php\\\/document\\\/rapport-journees-de-reflexion-sur-la-transition\\\/#breadcrumb\",\"itemListElement\":[{\"@type\":\"ListItem\",\"position\":1,\"name\":\"Home\",\"item\":\"https:\\\/\\\/aecniger.org\\\/\"},{\"@type\":\"ListItem\",\"position\":2,\"name\":\"Rapport Journ\u00e9es de R\u00e9flexion sur la Transition\"}]},{\"@type\":\"WebSite\",\"@id\":\"https:\\\/\\\/aecniger.org\\\/#website\",\"url\":\"https:\\\/\\\/aecniger.org\\\/\",\"name\":\"Alternative Espaces Citoyens\",\"description\":\"Ouvrir les portes de l&#039;avenir\",\"potentialAction\":[{\"@type\":\"SearchAction\",\"target\":{\"@type\":\"EntryPoint\",\"urlTemplate\":\"https:\\\/\\\/aecniger.org\\\/?s={search_term_string}\"},\"query-input\":{\"@type\":\"PropertyValueSpecification\",\"valueRequired\":true,\"valueName\":\"search_term_string\"}}],\"inLanguage\":\"en-US\"}]}<\/script>\n<!-- \/ Yoast SEO plugin. -->","yoast_head_json":{"title":"Rapport Journ\u00e9es de R\u00e9flexion sur la Transition - Alternative Espaces Citoyens","robots":{"index":"index","follow":"follow","max-snippet":"max-snippet:-1","max-image-preview":"max-image-preview:large","max-video-preview":"max-video-preview:-1"},"canonical":"https:\/\/aecniger.org\/index.php\/document\/rapport-journees-de-reflexion-sur-la-transition\/","og_locale":"en_US","og_type":"article","og_title":"Rapport Journ\u00e9es de R\u00e9flexion sur la Transition - Alternative Espaces Citoyens","og_description":"\u00abTransition vers la d\u00e9mocratie au Niger : analyses et propositions pour b\u00e2tir un v\u00e9ritable \u00e9tat de droit et r\u00e9aliser des avanc\u00e9es d\u00e9mocratiques\u00bb Rapport de synth\u00e8se des Journ\u00e9es de r\u00e9flexion organis\u00e9es par l\u2019ANDDH et Alternative Espaces Citoyens H\u00f4tel T\u00e9n\u00e9r\u00e9, Niamey les 13 et 14 Mars 2010","og_url":"https:\/\/aecniger.org\/index.php\/document\/rapport-journees-de-reflexion-sur-la-transition\/","og_site_name":"Alternative Espaces Citoyens","article_modified_time":"2026-08-10T14:28:04+00:00","og_image":[{"width":470,"height":649,"url":"https:\/\/aecniger.org\/wp-content\/uploads\/2026\/08\/Transition-vers-la-democratie-au-Niger.jpg","type":"image\/jpeg"}],"twitter_card":"summary_large_image","twitter_misc":{"Est. reading time":"1 minute"},"schema":{"@context":"https:\/\/schema.org","@graph":[{"@type":"WebPage","@id":"https:\/\/aecniger.org\/index.php\/document\/rapport-journees-de-reflexion-sur-la-transition\/","url":"https:\/\/aecniger.org\/index.php\/document\/rapport-journees-de-reflexion-sur-la-transition\/","name":"Rapport Journ\u00e9es de R\u00e9flexion sur la Transition - Alternative Espaces Citoyens","isPartOf":{"@id":"https:\/\/aecniger.org\/#website"},"primaryImageOfPage":{"@id":"https:\/\/aecniger.org\/index.php\/document\/rapport-journees-de-reflexion-sur-la-transition\/#primaryimage"},"image":{"@id":"https:\/\/aecniger.org\/index.php\/document\/rapport-journees-de-reflexion-sur-la-transition\/#primaryimage"},"thumbnailUrl":"https:\/\/aecniger.org\/wp-content\/uploads\/2026\/08\/Transition-vers-la-democratie-au-Niger.jpg","datePublished":"2010-03-15T13:22:00+00:00","dateModified":"2026-08-10T14:28:04+00:00","breadcrumb":{"@id":"https:\/\/aecniger.org\/index.php\/document\/rapport-journees-de-reflexion-sur-la-transition\/#breadcrumb"},"inLanguage":"en-US","potentialAction":[{"@type":"ReadAction","target":["https:\/\/aecniger.org\/index.php\/document\/rapport-journees-de-reflexion-sur-la-transition\/"]}]},{"@type":"ImageObject","inLanguage":"en-US","@id":"https:\/\/aecniger.org\/index.php\/document\/rapport-journees-de-reflexion-sur-la-transition\/#primaryimage","url":"https:\/\/aecniger.org\/wp-content\/uploads\/2026\/08\/Transition-vers-la-democratie-au-Niger.jpg","contentUrl":"https:\/\/aecniger.org\/wp-content\/uploads\/2026\/08\/Transition-vers-la-democratie-au-Niger.jpg","width":470,"height":649},{"@type":"BreadcrumbList","@id":"https:\/\/aecniger.org\/index.php\/document\/rapport-journees-de-reflexion-sur-la-transition\/#breadcrumb","itemListElement":[{"@type":"ListItem","position":1,"name":"Home","item":"https:\/\/aecniger.org\/"},{"@type":"ListItem","position":2,"name":"Rapport Journ\u00e9es de R\u00e9flexion sur la Transition"}]},{"@type":"WebSite","@id":"https:\/\/aecniger.org\/#website","url":"https:\/\/aecniger.org\/","name":"Alternative Espaces Citoyens","description":"Ouvrir les portes de l&#039;avenir","potentialAction":[{"@type":"SearchAction","target":{"@type":"EntryPoint","urlTemplate":"https:\/\/aecniger.org\/?s={search_term_string}"},"query-input":{"@type":"PropertyValueSpecification","valueRequired":true,"valueName":"search_term_string"}}],"inLanguage":"en-US"}]}},"_links":{"self":[{"href":"https:\/\/aecniger.org\/index.php\/wp-json\/wp\/v2\/filedeck_document\/455","targetHints":{"allow":["GET"]}}],"collection":[{"href":"https:\/\/aecniger.org\/index.php\/wp-json\/wp\/v2\/filedeck_document"}],"about":[{"href":"https:\/\/aecniger.org\/index.php\/wp-json\/wp\/v2\/types\/filedeck_document"}],"author":[{"embeddable":true,"href":"https:\/\/aecniger.org\/index.php\/wp-json\/wp\/v2\/users\/1"}],"wp:featuredmedia":[{"embeddable":true,"href":"https:\/\/aecniger.org\/index.php\/wp-json\/wp\/v2\/media\/456"}],"wp:attachment":[{"href":"https:\/\/aecniger.org\/index.php\/wp-json\/wp\/v2\/media?parent=455"}],"wp:term":[{"taxonomy":"filedeck_category","embeddable":true,"href":"https:\/\/aecniger.org\/index.php\/wp-json\/wp\/v2\/filedeck_category?post=455"},{"taxonomy":"filedeck_tag","embeddable":true,"href":"https:\/\/aecniger.org\/index.php\/wp-json\/wp\/v2\/filedeck_tag?post=455"}],"curies":[{"name":"wp","href":"https:\/\/api.w.org\/{rel}","templated":true}]}}

Rapport Journées de Réflexion sur la Transition

<p>«Transition vers la démocratie au Niger :<br />
analyses et propositions pour bâtir un véritable<br />
état de droit et réaliser des avancées<br />
démocratiques»<br />
Rapport de synthèse des Journées de réflexion<br />
organisées par l’ANDDH et Alternative Espaces Citoyens<br />
Hôtel Ténéré, Niamey les 13 et 14 Mars 2010</p>

<!-- This site is optimized with the Yoast SEO plugin v28.4 - https://yoast.com/product/yoast-seo-wordpress/ -->
<title>Rapport Journées de Réflexion sur la Transition - Alternative Espaces Citoyens</title>
<meta name="robots" content="index, follow, max-snippet:-1, max-image-preview:large, max-video-preview:-1" />
<link rel="canonical" href="https://aecniger.org/index.php/document/rapport-journees-de-reflexion-sur-la-transition/" />
<meta property="og:locale" content="en_US" />
<meta property="og:type" content="article" />
<meta property="og:title" content="Rapport Journées de Réflexion sur la Transition - Alternative Espaces Citoyens" />
<meta property="og:description" content="«Transition vers la démocratie au Niger : analyses et propositions pour bâtir un véritable état de droit et réaliser des avancées démocratiques» Rapport de synthèse des Journées de réflexion organisées par l’ANDDH et Alternative Espaces Citoyens Hôtel Ténéré, Niamey les 13 et 14 Mars 2010" />
<meta property="og:url" content="https://aecniger.org/index.php/document/rapport-journees-de-reflexion-sur-la-transition/" />
<meta property="og:site_name" content="Alternative Espaces Citoyens" />
<meta property="article:modified_time" content="2026-08-10T14:28:04+00:00" />
<meta property="og:image" content="https://aecniger.org/wp-content/uploads/2026/08/Transition-vers-la-democratie-au-Niger.jpg" />
	<meta property="og:image:width" content="470" />
	<meta property="og:image:height" content="649" />
	<meta property="og:image:type" content="image/jpeg" />
<meta name="twitter:card" content="summary_large_image" />
<meta name="twitter:label1" content="Est. reading time" />
	<meta name="twitter:data1" content="1 minute" />
<script type="application/ld+json" class="yoast-schema-graph">{"@context":"https:\/\/schema.org","@graph":[{"@type":"WebPage","@id":"https:\/\/aecniger.org\/index.php\/document\/rapport-journees-de-reflexion-sur-la-transition\/","url":"https:\/\/aecniger.org\/index.php\/document\/rapport-journees-de-reflexion-sur-la-transition\/","name":"Rapport Journées de Réflexion sur la Transition - Alternative Espaces Citoyens","isPartOf":{"@id":"https:\/\/aecniger.org\/#website"},"primaryImageOfPage":{"@id":"https:\/\/aecniger.org\/index.php\/document\/rapport-journees-de-reflexion-sur-la-transition\/#primaryimage"},"image":{"@id":"https:\/\/aecniger.org\/index.php\/document\/rapport-journees-de-reflexion-sur-la-transition\/#primaryimage"},"thumbnailUrl":"https:\/\/aecniger.org\/wp-content\/uploads\/2026\/08\/Transition-vers-la-democratie-au-Niger.jpg","datePublished":"2010-03-15T13:22:00+00:00","dateModified":"2026-08-10T14:28:04+00:00","breadcrumb":{"@id":"https:\/\/aecniger.org\/index.php\/document\/rapport-journees-de-reflexion-sur-la-transition\/#breadcrumb"},"inLanguage":"en-US","potentialAction":[{"@type":"ReadAction","target":["https:\/\/aecniger.org\/index.php\/document\/rapport-journees-de-reflexion-sur-la-transition\/"]}]},{"@type":"ImageObject","inLanguage":"en-US","@id":"https:\/\/aecniger.org\/index.php\/document\/rapport-journees-de-reflexion-sur-la-transition\/#primaryimage","url":"https:\/\/aecniger.org\/wp-content\/uploads\/2026\/08\/Transition-vers-la-democratie-au-Niger.jpg","contentUrl":"https:\/\/aecniger.org\/wp-content\/uploads\/2026\/08\/Transition-vers-la-democratie-au-Niger.jpg","width":470,"height":649},{"@type":"BreadcrumbList","@id":"https:\/\/aecniger.org\/index.php\/document\/rapport-journees-de-reflexion-sur-la-transition\/#breadcrumb","itemListElement":[{"@type":"ListItem","position":1,"name":"Home","item":"https:\/\/aecniger.org\/"},{"@type":"ListItem","position":2,"name":"Rapport Journées de Réflexion sur la Transition"}]},{"@type":"WebSite","@id":"https:\/\/aecniger.org\/#website","url":"https:\/\/aecniger.org\/","name":"Alternative Espaces Citoyens","description":"Ouvrir les portes de l&#039;avenir","potentialAction":[{"@type":"SearchAction","target":{"@type":"EntryPoint","urlTemplate":"https:\/\/aecniger.org\/?s={search_term_string}"},"query-input":{"@type":"PropertyValueSpecification","valueRequired":true,"valueName":"search_term_string"}}],"inLanguage":"en-US"}]}</script>
<!-- / Yoast SEO plugin. -->

Rapport Journées de Réflexion sur la Transition - Alternative Espaces Citoyens

«Transition vers la démocratie au Niger : analyses et propositions pour bâtir un véritable état de droit et réaliser des avancées démocratiques» Rapport de synthèse des Journées de réflexion organisées par l’ANDDH et Alternative Espaces Citoyens Hôtel Ténéré, Niamey les 13 et 14 Mars 2010
