{"id":452,"date":"2012-08-08T14:13:00","date_gmt":"2012-08-08T12:13:00","guid":{"rendered":"https:\/\/aecniger.org\/?post_type=filedeck_document&#038;p=452"},"modified":"2026-08-10T16:26:36","modified_gmt":"2026-08-10T14:26:36","slug":"prevenir-et-gerer-les-crises-alimentaires-au-niger","status":"publish","type":"filedeck_document","link":"https:\/\/aecniger.org\/index.php\/document\/prevenir-et-gerer-les-crises-alimentaires-au-niger\/","title":{"rendered":"Pr\u00e9venir et g\u00e9rer les crises alimentaires au Niger"},"content":{"rendered":"","protected":false},"excerpt":{"rendered":"<p>Apr\u00e8s un processus consultatif engag\u00e9 en 2007, les ministres en charge de l\u2019Agriculture et<br \/>\nde l\u2019alimentation des pays membres de la CEDEAO, de la Mauritanie et du Tchad ont adopt\u00e9,<br \/>\nle 17 novembre 2011, la Charte pour la pr\u00e9vention et la gestion des crises alimentaires. Cette<br \/>\nCharte est une version r\u00e9vis\u00e9e de la Charte de l\u2019aide alimentaire adopt\u00e9e en 1990 par les pays<br \/>\nmembres du CILSS et les donateurs membres du Club du Sahel. Elle est un code de conduite<br \/>\nengageant les gouvernements, les organisations inter-gouvernementales, les organisations de<br \/>\nla soci\u00e9t\u00e9 civile et les partenaires techniques et financiers engag\u00e9s dans la pr\u00e9vention et la<br \/>\ngestion des crises alimentaires.<\/p>\n","protected":false},"author":1,"featured_media":453,"template":"","filedeck_category":[61,74],"filedeck_tag":[47],"class_list":["post-452","filedeck_document","type-filedeck_document","status-publish","has-post-thumbnail","hentry","filedeck_category-crise-alimentaire","filedeck_category-publication","filedeck_tag-crise-alimentaire","entry","has-media"],"yoast_head":"<!-- This site is optimized with the Yoast SEO plugin v28.4 - https:\/\/yoast.com\/product\/yoast-seo-wordpress\/ -->\n<title>Pr\u00e9venir et g\u00e9rer les crises alimentaires au Niger - Alternative Espaces Citoyens<\/title>\n<meta name=\"robots\" content=\"index, follow, max-snippet:-1, max-image-preview:large, max-video-preview:-1\" \/>\n<link rel=\"canonical\" href=\"https:\/\/aecniger.org\/index.php\/document\/prevenir-et-gerer-les-crises-alimentaires-au-niger\/\" \/>\n<meta property=\"og:locale\" content=\"en_US\" \/>\n<meta property=\"og:type\" content=\"article\" \/>\n<meta property=\"og:title\" content=\"Pr\u00e9venir et g\u00e9rer les crises alimentaires au Niger - Alternative Espaces Citoyens\" \/>\n<meta property=\"og:description\" content=\"Apr\u00e8s un processus consultatif engag\u00e9 en 2007, les ministres en charge de l\u2019Agriculture et de l\u2019alimentation des pays membres de la CEDEAO, de la Mauritanie et du Tchad ont adopt\u00e9, le 17 novembre 2011, la Charte pour la pr\u00e9vention et la gestion des crises alimentaires. Cette Charte est une version r\u00e9vis\u00e9e de la Charte de l\u2019aide alimentaire adopt\u00e9e en 1990 par les pays membres du CILSS et les donateurs membres du Club du Sahel. Elle est un code de conduite engageant les gouvernements, les organisations inter-gouvernementales, les organisations de la soci\u00e9t\u00e9 civile et les partenaires techniques et financiers engag\u00e9s dans la pr\u00e9vention et la gestion des crises alimentaires.\" \/>\n<meta property=\"og:url\" content=\"https:\/\/aecniger.org\/index.php\/document\/prevenir-et-gerer-les-crises-alimentaires-au-niger\/\" \/>\n<meta property=\"og:site_name\" content=\"Alternative Espaces Citoyens\" \/>\n<meta property=\"article:modified_time\" content=\"2026-08-10T14:26:36+00:00\" \/>\n<meta property=\"og:image\" content=\"https:\/\/aecniger.org\/wp-content\/uploads\/2026\/08\/Preveneir_et_gerer_les_Crises_alimentaires-au-Niger.jpg\" \/>\n\t<meta property=\"og:image:width\" content=\"609\" \/>\n\t<meta property=\"og:image:height\" content=\"793\" \/>\n\t<meta property=\"og:image:type\" content=\"image\/jpeg\" \/>\n<meta name=\"twitter:card\" content=\"summary_large_image\" \/>\n<meta name=\"twitter:label1\" content=\"Est. reading time\" \/>\n\t<meta name=\"twitter:data1\" content=\"1 minute\" \/>\n<script type=\"application\/ld+json\" class=\"yoast-schema-graph\">{\"@context\":\"https:\\\/\\\/schema.org\",\"@graph\":[{\"@type\":\"WebPage\",\"@id\":\"https:\\\/\\\/aecniger.org\\\/index.php\\\/document\\\/prevenir-et-gerer-les-crises-alimentaires-au-niger\\\/\",\"url\":\"https:\\\/\\\/aecniger.org\\\/index.php\\\/document\\\/prevenir-et-gerer-les-crises-alimentaires-au-niger\\\/\",\"name\":\"Pr\u00e9venir et g\u00e9rer les crises alimentaires au Niger - Alternative Espaces Citoyens\",\"isPartOf\":{\"@id\":\"https:\\\/\\\/aecniger.org\\\/#website\"},\"primaryImageOfPage\":{\"@id\":\"https:\\\/\\\/aecniger.org\\\/index.php\\\/document\\\/prevenir-et-gerer-les-crises-alimentaires-au-niger\\\/#primaryimage\"},\"image\":{\"@id\":\"https:\\\/\\\/aecniger.org\\\/index.php\\\/document\\\/prevenir-et-gerer-les-crises-alimentaires-au-niger\\\/#primaryimage\"},\"thumbnailUrl\":\"https:\\\/\\\/aecniger.org\\\/wp-content\\\/uploads\\\/2026\\\/08\\\/Preveneir_et_gerer_les_Crises_alimentaires-au-Niger.jpg\",\"datePublished\":\"2012-08-08T12:13:00+00:00\",\"dateModified\":\"2026-08-10T14:26:36+00:00\",\"breadcrumb\":{\"@id\":\"https:\\\/\\\/aecniger.org\\\/index.php\\\/document\\\/prevenir-et-gerer-les-crises-alimentaires-au-niger\\\/#breadcrumb\"},\"inLanguage\":\"en-US\",\"potentialAction\":[{\"@type\":\"ReadAction\",\"target\":[\"https:\\\/\\\/aecniger.org\\\/index.php\\\/document\\\/prevenir-et-gerer-les-crises-alimentaires-au-niger\\\/\"]}]},{\"@type\":\"ImageObject\",\"inLanguage\":\"en-US\",\"@id\":\"https:\\\/\\\/aecniger.org\\\/index.php\\\/document\\\/prevenir-et-gerer-les-crises-alimentaires-au-niger\\\/#primaryimage\",\"url\":\"https:\\\/\\\/aecniger.org\\\/wp-content\\\/uploads\\\/2026\\\/08\\\/Preveneir_et_gerer_les_Crises_alimentaires-au-Niger.jpg\",\"contentUrl\":\"https:\\\/\\\/aecniger.org\\\/wp-content\\\/uploads\\\/2026\\\/08\\\/Preveneir_et_gerer_les_Crises_alimentaires-au-Niger.jpg\",\"width\":609,\"height\":793},{\"@type\":\"BreadcrumbList\",\"@id\":\"https:\\\/\\\/aecniger.org\\\/index.php\\\/document\\\/prevenir-et-gerer-les-crises-alimentaires-au-niger\\\/#breadcrumb\",\"itemListElement\":[{\"@type\":\"ListItem\",\"position\":1,\"name\":\"Home\",\"item\":\"https:\\\/\\\/aecniger.org\\\/\"},{\"@type\":\"ListItem\",\"position\":2,\"name\":\"Pr\u00e9venir et g\u00e9rer les crises alimentaires au Niger\"}]},{\"@type\":\"WebSite\",\"@id\":\"https:\\\/\\\/aecniger.org\\\/#website\",\"url\":\"https:\\\/\\\/aecniger.org\\\/\",\"name\":\"Alternative Espaces Citoyens\",\"description\":\"Ouvrir les portes de l&#039;avenir\",\"potentialAction\":[{\"@type\":\"SearchAction\",\"target\":{\"@type\":\"EntryPoint\",\"urlTemplate\":\"https:\\\/\\\/aecniger.org\\\/?s={search_term_string}\"},\"query-input\":{\"@type\":\"PropertyValueSpecification\",\"valueRequired\":true,\"valueName\":\"search_term_string\"}}],\"inLanguage\":\"en-US\"}]}<\/script>\n<!-- \/ Yoast SEO plugin. -->","yoast_head_json":{"title":"Pr\u00e9venir et g\u00e9rer les crises alimentaires au Niger - Alternative Espaces Citoyens","robots":{"index":"index","follow":"follow","max-snippet":"max-snippet:-1","max-image-preview":"max-image-preview:large","max-video-preview":"max-video-preview:-1"},"canonical":"https:\/\/aecniger.org\/index.php\/document\/prevenir-et-gerer-les-crises-alimentaires-au-niger\/","og_locale":"en_US","og_type":"article","og_title":"Pr\u00e9venir et g\u00e9rer les crises alimentaires au Niger - Alternative Espaces Citoyens","og_description":"Apr\u00e8s un processus consultatif engag\u00e9 en 2007, les ministres en charge de l\u2019Agriculture et de l\u2019alimentation des pays membres de la CEDEAO, de la Mauritanie et du Tchad ont adopt\u00e9, le 17 novembre 2011, la Charte pour la pr\u00e9vention et la gestion des crises alimentaires. Cette Charte est une version r\u00e9vis\u00e9e de la Charte de l\u2019aide alimentaire adopt\u00e9e en 1990 par les pays membres du CILSS et les donateurs membres du Club du Sahel. Elle est un code de conduite engageant les gouvernements, les organisations inter-gouvernementales, les organisations de la soci\u00e9t\u00e9 civile et les partenaires techniques et financiers engag\u00e9s dans la pr\u00e9vention et la gestion des crises alimentaires.","og_url":"https:\/\/aecniger.org\/index.php\/document\/prevenir-et-gerer-les-crises-alimentaires-au-niger\/","og_site_name":"Alternative Espaces Citoyens","article_modified_time":"2026-08-10T14:26:36+00:00","og_image":[{"width":609,"height":793,"url":"https:\/\/aecniger.org\/wp-content\/uploads\/2026\/08\/Preveneir_et_gerer_les_Crises_alimentaires-au-Niger.jpg","type":"image\/jpeg"}],"twitter_card":"summary_large_image","twitter_misc":{"Est. reading time":"1 minute"},"schema":{"@context":"https:\/\/schema.org","@graph":[{"@type":"WebPage","@id":"https:\/\/aecniger.org\/index.php\/document\/prevenir-et-gerer-les-crises-alimentaires-au-niger\/","url":"https:\/\/aecniger.org\/index.php\/document\/prevenir-et-gerer-les-crises-alimentaires-au-niger\/","name":"Pr\u00e9venir et g\u00e9rer les crises alimentaires au Niger - Alternative Espaces Citoyens","isPartOf":{"@id":"https:\/\/aecniger.org\/#website"},"primaryImageOfPage":{"@id":"https:\/\/aecniger.org\/index.php\/document\/prevenir-et-gerer-les-crises-alimentaires-au-niger\/#primaryimage"},"image":{"@id":"https:\/\/aecniger.org\/index.php\/document\/prevenir-et-gerer-les-crises-alimentaires-au-niger\/#primaryimage"},"thumbnailUrl":"https:\/\/aecniger.org\/wp-content\/uploads\/2026\/08\/Preveneir_et_gerer_les_Crises_alimentaires-au-Niger.jpg","datePublished":"2012-08-08T12:13:00+00:00","dateModified":"2026-08-10T14:26:36+00:00","breadcrumb":{"@id":"https:\/\/aecniger.org\/index.php\/document\/prevenir-et-gerer-les-crises-alimentaires-au-niger\/#breadcrumb"},"inLanguage":"en-US","potentialAction":[{"@type":"ReadAction","target":["https:\/\/aecniger.org\/index.php\/document\/prevenir-et-gerer-les-crises-alimentaires-au-niger\/"]}]},{"@type":"ImageObject","inLanguage":"en-US","@id":"https:\/\/aecniger.org\/index.php\/document\/prevenir-et-gerer-les-crises-alimentaires-au-niger\/#primaryimage","url":"https:\/\/aecniger.org\/wp-content\/uploads\/2026\/08\/Preveneir_et_gerer_les_Crises_alimentaires-au-Niger.jpg","contentUrl":"https:\/\/aecniger.org\/wp-content\/uploads\/2026\/08\/Preveneir_et_gerer_les_Crises_alimentaires-au-Niger.jpg","width":609,"height":793},{"@type":"BreadcrumbList","@id":"https:\/\/aecniger.org\/index.php\/document\/prevenir-et-gerer-les-crises-alimentaires-au-niger\/#breadcrumb","itemListElement":[{"@type":"ListItem","position":1,"name":"Home","item":"https:\/\/aecniger.org\/"},{"@type":"ListItem","position":2,"name":"Pr\u00e9venir et g\u00e9rer les crises alimentaires au Niger"}]},{"@type":"WebSite","@id":"https:\/\/aecniger.org\/#website","url":"https:\/\/aecniger.org\/","name":"Alternative Espaces Citoyens","description":"Ouvrir les portes de l&#039;avenir","potentialAction":[{"@type":"SearchAction","target":{"@type":"EntryPoint","urlTemplate":"https:\/\/aecniger.org\/?s={search_term_string}"},"query-input":{"@type":"PropertyValueSpecification","valueRequired":true,"valueName":"search_term_string"}}],"inLanguage":"en-US"}]}},"_links":{"self":[{"href":"https:\/\/aecniger.org\/index.php\/wp-json\/wp\/v2\/filedeck_document\/452","targetHints":{"allow":["GET"]}}],"collection":[{"href":"https:\/\/aecniger.org\/index.php\/wp-json\/wp\/v2\/filedeck_document"}],"about":[{"href":"https:\/\/aecniger.org\/index.php\/wp-json\/wp\/v2\/types\/filedeck_document"}],"author":[{"embeddable":true,"href":"https:\/\/aecniger.org\/index.php\/wp-json\/wp\/v2\/users\/1"}],"wp:featuredmedia":[{"embeddable":true,"href":"https:\/\/aecniger.org\/index.php\/wp-json\/wp\/v2\/media\/453"}],"wp:attachment":[{"href":"https:\/\/aecniger.org\/index.php\/wp-json\/wp\/v2\/media?parent=452"}],"wp:term":[{"taxonomy":"filedeck_category","embeddable":true,"href":"https:\/\/aecniger.org\/index.php\/wp-json\/wp\/v2\/filedeck_category?post=452"},{"taxonomy":"filedeck_tag","embeddable":true,"href":"https:\/\/aecniger.org\/index.php\/wp-json\/wp\/v2\/filedeck_tag?post=452"}],"curies":[{"name":"wp","href":"https:\/\/api.w.org\/{rel}","templated":true}]}}

Prévenir et gérer les crises alimentaires au Niger

<p>Après un processus consultatif engagé en 2007, les ministres en charge de l’Agriculture et<br />
de l’alimentation des pays membres de la CEDEAO, de la Mauritanie et du Tchad ont adopté,<br />
le 17 novembre 2011, la Charte pour la prévention et la gestion des crises alimentaires. Cette<br />
Charte est une version révisée de la Charte de l’aide alimentaire adoptée en 1990 par les pays<br />
membres du CILSS et les donateurs membres du Club du Sahel. Elle est un code de conduite<br />
engageant les gouvernements, les organisations inter-gouvernementales, les organisations de<br />
la société civile et les partenaires techniques et financiers engagés dans la prévention et la<br />
gestion des crises alimentaires.</p>

<!-- This site is optimized with the Yoast SEO plugin v28.4 - https://yoast.com/product/yoast-seo-wordpress/ -->
<title>Prévenir et gérer les crises alimentaires au Niger - Alternative Espaces Citoyens</title>
<meta name="robots" content="index, follow, max-snippet:-1, max-image-preview:large, max-video-preview:-1" />
<link rel="canonical" href="https://aecniger.org/index.php/document/prevenir-et-gerer-les-crises-alimentaires-au-niger/" />
<meta property="og:locale" content="en_US" />
<meta property="og:type" content="article" />
<meta property="og:title" content="Prévenir et gérer les crises alimentaires au Niger - Alternative Espaces Citoyens" />
<meta property="og:description" content="Après un processus consultatif engagé en 2007, les ministres en charge de l’Agriculture et de l’alimentation des pays membres de la CEDEAO, de la Mauritanie et du Tchad ont adopté, le 17 novembre 2011, la Charte pour la prévention et la gestion des crises alimentaires. Cette Charte est une version révisée de la Charte de l’aide alimentaire adoptée en 1990 par les pays membres du CILSS et les donateurs membres du Club du Sahel. Elle est un code de conduite engageant les gouvernements, les organisations inter-gouvernementales, les organisations de la société civile et les partenaires techniques et financiers engagés dans la prévention et la gestion des crises alimentaires." />
<meta property="og:url" content="https://aecniger.org/index.php/document/prevenir-et-gerer-les-crises-alimentaires-au-niger/" />
<meta property="og:site_name" content="Alternative Espaces Citoyens" />
<meta property="article:modified_time" content="2026-08-10T14:26:36+00:00" />
<meta property="og:image" content="https://aecniger.org/wp-content/uploads/2026/08/Preveneir_et_gerer_les_Crises_alimentaires-au-Niger.jpg" />
	<meta property="og:image:width" content="609" />
	<meta property="og:image:height" content="793" />
	<meta property="og:image:type" content="image/jpeg" />
<meta name="twitter:card" content="summary_large_image" />
<meta name="twitter:label1" content="Est. reading time" />
	<meta name="twitter:data1" content="1 minute" />
<script type="application/ld+json" class="yoast-schema-graph">{"@context":"https:\/\/schema.org","@graph":[{"@type":"WebPage","@id":"https:\/\/aecniger.org\/index.php\/document\/prevenir-et-gerer-les-crises-alimentaires-au-niger\/","url":"https:\/\/aecniger.org\/index.php\/document\/prevenir-et-gerer-les-crises-alimentaires-au-niger\/","name":"Prévenir et gérer les crises alimentaires au Niger - Alternative Espaces Citoyens","isPartOf":{"@id":"https:\/\/aecniger.org\/#website"},"primaryImageOfPage":{"@id":"https:\/\/aecniger.org\/index.php\/document\/prevenir-et-gerer-les-crises-alimentaires-au-niger\/#primaryimage"},"image":{"@id":"https:\/\/aecniger.org\/index.php\/document\/prevenir-et-gerer-les-crises-alimentaires-au-niger\/#primaryimage"},"thumbnailUrl":"https:\/\/aecniger.org\/wp-content\/uploads\/2026\/08\/Preveneir_et_gerer_les_Crises_alimentaires-au-Niger.jpg","datePublished":"2012-08-08T12:13:00+00:00","dateModified":"2026-08-10T14:26:36+00:00","breadcrumb":{"@id":"https:\/\/aecniger.org\/index.php\/document\/prevenir-et-gerer-les-crises-alimentaires-au-niger\/#breadcrumb"},"inLanguage":"en-US","potentialAction":[{"@type":"ReadAction","target":["https:\/\/aecniger.org\/index.php\/document\/prevenir-et-gerer-les-crises-alimentaires-au-niger\/"]}]},{"@type":"ImageObject","inLanguage":"en-US","@id":"https:\/\/aecniger.org\/index.php\/document\/prevenir-et-gerer-les-crises-alimentaires-au-niger\/#primaryimage","url":"https:\/\/aecniger.org\/wp-content\/uploads\/2026\/08\/Preveneir_et_gerer_les_Crises_alimentaires-au-Niger.jpg","contentUrl":"https:\/\/aecniger.org\/wp-content\/uploads\/2026\/08\/Preveneir_et_gerer_les_Crises_alimentaires-au-Niger.jpg","width":609,"height":793},{"@type":"BreadcrumbList","@id":"https:\/\/aecniger.org\/index.php\/document\/prevenir-et-gerer-les-crises-alimentaires-au-niger\/#breadcrumb","itemListElement":[{"@type":"ListItem","position":1,"name":"Home","item":"https:\/\/aecniger.org\/"},{"@type":"ListItem","position":2,"name":"Prévenir et gérer les crises alimentaires au Niger"}]},{"@type":"WebSite","@id":"https:\/\/aecniger.org\/#website","url":"https:\/\/aecniger.org\/","name":"Alternative Espaces Citoyens","description":"Ouvrir les portes de l&#039;avenir","potentialAction":[{"@type":"SearchAction","target":{"@type":"EntryPoint","urlTemplate":"https:\/\/aecniger.org\/?s={search_term_string}"},"query-input":{"@type":"PropertyValueSpecification","valueRequired":true,"valueName":"search_term_string"}}],"inLanguage":"en-US"}]}</script>
<!-- / Yoast SEO plugin. -->

Prévenir et gérer les crises alimentaires au Niger - Alternative Espaces Citoyens

Après un processus consultatif engagé en 2007, les ministres en charge de l’Agriculture et de l’alimentation des pays membres de la CEDEAO, de la Mauritanie et du Tchad ont adopté, le 17 novembre 2011, la Charte pour la prévention et la gestion des crises alimentaires. Cette Charte est une version révisée de la Charte de l’aide alimentaire adoptée en 1990 par les pays membres du CILSS et les donateurs membres du Club du Sahel. Elle est un code de conduite engageant les gouvernements, les organisations inter-gouvernementales, les organisations de la société civile et les partenaires techniques et financiers engagés dans la prévention et la gestion des crises alimentaires.
