{"id":443,"date":"2008-04-08T13:46:00","date_gmt":"2008-04-08T11:46:00","guid":{"rendered":"https:\/\/aecniger.org\/?post_type=filedeck_document&#038;p=443"},"modified":"2026-08-10T16:29:15","modified_gmt":"2026-08-10T14:29:15","slug":"le-droit-a-leducation-au-niger","status":"publish","type":"filedeck_document","link":"https:\/\/aecniger.org\/index.php\/document\/le-droit-a-leducation-au-niger\/","title":{"rendered":"Le droit \u00e0 l\u2019\u00c9ducation au Niger"},"content":{"rendered":"","protected":false},"excerpt":{"rendered":"<p>La pr\u00e9sente \u00e9tude est le fruit de plusieurs contributions. Que soient remerci\u00e9es ici toutes les personnes qui, \u00e0 un degr\u00e9 ou \u00e0 un autre, ont soit fourni la documentation n\u00e9cessaire, rare dans ce domaine, soit apport\u00e9 des amendements fort pertinents.<\/p>\n<p>En particulier, nous tenons \u00e0 remercier tous les repr\u00e9sentants des organisations de la soci\u00e9t\u00e9 civile qui, nonobstant la surcharge de leurs activit\u00e9s, ont notamment pris une part active \u00e0 la collecte des donn\u00e9es. A cet \u00e9gard, nous tenons \u00e0 remercier tout singuli\u00e8rement :<br \/>\nAmina Tchemogo (AEC)<br \/>\nAbdo Lawaly (AEC)<br \/>\nEhadj Idi Abdou (AEC)<br \/>\nMamane Moussa (SYNATREEN)<br \/>\nMadame Daw\u00e8ye Nana Fassouma (SUSAS)<br \/>\nOumarou Idayatou (ROSEN)<br \/>\nAlbert Cha\u00efbou (AEC)<br \/>\nYahaya Abdou (RNDD)<br \/>\nDiallo Yacouba (ROTAB)<br \/>\nHamadou Boulama (AEC)<br \/>\nSoumana Ma\u00efga (SYNACEB)<br \/>\nUne mention sp\u00e9ciale doit \u00eatre faite \u00e0 OXFAM NOVIB, notre partenaire dans le cadre de ce<br \/>\ntravail sur le suivi et l&#8217;analyse budg\u00e9taire.<br \/>\nOnt contribu\u00e9 \u00e0 la r\u00e9daction de ce rapport :<br \/>\nMoussa Tchangari<br \/>\nHassane Boukar<br \/>\nSouley Adji<br \/>\nAbdourahamane Ousmane<br \/>\nMamane Sani Adamou<br \/>\nMoutari Mahamane Ousmane<br \/>\n_____________<br \/>\nAvril 2008<\/p>\n","protected":false},"author":1,"featured_media":444,"template":"","filedeck_category":[50,34,74],"filedeck_tag":[52,51],"class_list":["post-443","filedeck_document","type-filedeck_document","status-publish","has-post-thumbnail","hentry","filedeck_category-droit-a-leducation","filedeck_category-education","filedeck_category-publication","filedeck_tag-droit-a-leducation","filedeck_tag-education","entry","has-media"],"yoast_head":"<!-- This site is optimized with the Yoast SEO plugin v28.4 - https:\/\/yoast.com\/product\/yoast-seo-wordpress\/ -->\n<title>Le droit \u00e0 l\u2019\u00c9ducation au Niger - Alternative Espaces Citoyens<\/title>\n<meta name=\"robots\" content=\"index, follow, max-snippet:-1, max-image-preview:large, max-video-preview:-1\" \/>\n<link rel=\"canonical\" href=\"https:\/\/aecniger.org\/index.php\/document\/le-droit-a-leducation-au-niger\/\" \/>\n<meta property=\"og:locale\" content=\"en_US\" \/>\n<meta property=\"og:type\" content=\"article\" \/>\n<meta property=\"og:title\" content=\"Le droit \u00e0 l\u2019\u00c9ducation au Niger - Alternative Espaces Citoyens\" \/>\n<meta property=\"og:description\" content=\"La pr\u00e9sente \u00e9tude est le fruit de plusieurs contributions. Que soient remerci\u00e9es ici toutes les personnes qui, \u00e0 un degr\u00e9 ou \u00e0 un autre, ont soit fourni la documentation n\u00e9cessaire, rare dans ce domaine, soit apport\u00e9 des amendements fort pertinents. En particulier, nous tenons \u00e0 remercier tous les repr\u00e9sentants des organisations de la soci\u00e9t\u00e9 civile qui, nonobstant la surcharge de leurs activit\u00e9s, ont notamment pris une part active \u00e0 la collecte des donn\u00e9es. A cet \u00e9gard, nous tenons \u00e0 remercier tout singuli\u00e8rement : Amina Tchemogo (AEC) Abdo Lawaly (AEC) Ehadj Idi Abdou (AEC) Mamane Moussa (SYNATREEN) Madame Daw\u00e8ye Nana Fassouma (SUSAS) Oumarou Idayatou (ROSEN) Albert Cha\u00efbou (AEC) Yahaya Abdou (RNDD) Diallo Yacouba (ROTAB) Hamadou Boulama (AEC) Soumana Ma\u00efga (SYNACEB) Une mention sp\u00e9ciale doit \u00eatre faite \u00e0 OXFAM NOVIB, notre partenaire dans le cadre de ce travail sur le suivi et l&#039;analyse budg\u00e9taire. Ont contribu\u00e9 \u00e0 la r\u00e9daction de ce rapport : Moussa Tchangari Hassane Boukar Souley Adji Abdourahamane Ousmane Mamane Sani Adamou Moutari Mahamane Ousmane _____________ Avril 2008\" \/>\n<meta property=\"og:url\" content=\"https:\/\/aecniger.org\/index.php\/document\/le-droit-a-leducation-au-niger\/\" \/>\n<meta property=\"og:site_name\" content=\"Alternative Espaces Citoyens\" \/>\n<meta property=\"article:modified_time\" content=\"2026-08-10T14:29:15+00:00\" \/>\n<meta property=\"og:image\" content=\"https:\/\/aecniger.org\/wp-content\/uploads\/2026\/08\/Droit-a-lEducation-au-Niger.jpg\" \/>\n\t<meta property=\"og:image:width\" content=\"609\" \/>\n\t<meta property=\"og:image:height\" content=\"793\" \/>\n\t<meta property=\"og:image:type\" content=\"image\/jpeg\" \/>\n<meta name=\"twitter:card\" content=\"summary_large_image\" \/>\n<meta name=\"twitter:label1\" content=\"Est. reading time\" \/>\n\t<meta name=\"twitter:data1\" content=\"1 minute\" \/>\n<script type=\"application\/ld+json\" class=\"yoast-schema-graph\">{\"@context\":\"https:\\\/\\\/schema.org\",\"@graph\":[{\"@type\":\"WebPage\",\"@id\":\"https:\\\/\\\/aecniger.org\\\/index.php\\\/document\\\/le-droit-a-leducation-au-niger\\\/\",\"url\":\"https:\\\/\\\/aecniger.org\\\/index.php\\\/document\\\/le-droit-a-leducation-au-niger\\\/\",\"name\":\"Le droit \u00e0 l\u2019\u00c9ducation au Niger - Alternative Espaces Citoyens\",\"isPartOf\":{\"@id\":\"https:\\\/\\\/aecniger.org\\\/#website\"},\"primaryImageOfPage\":{\"@id\":\"https:\\\/\\\/aecniger.org\\\/index.php\\\/document\\\/le-droit-a-leducation-au-niger\\\/#primaryimage\"},\"image\":{\"@id\":\"https:\\\/\\\/aecniger.org\\\/index.php\\\/document\\\/le-droit-a-leducation-au-niger\\\/#primaryimage\"},\"thumbnailUrl\":\"https:\\\/\\\/aecniger.org\\\/wp-content\\\/uploads\\\/2026\\\/08\\\/Droit-a-lEducation-au-Niger.jpg\",\"datePublished\":\"2008-04-08T11:46:00+00:00\",\"dateModified\":\"2026-08-10T14:29:15+00:00\",\"breadcrumb\":{\"@id\":\"https:\\\/\\\/aecniger.org\\\/index.php\\\/document\\\/le-droit-a-leducation-au-niger\\\/#breadcrumb\"},\"inLanguage\":\"en-US\",\"potentialAction\":[{\"@type\":\"ReadAction\",\"target\":[\"https:\\\/\\\/aecniger.org\\\/index.php\\\/document\\\/le-droit-a-leducation-au-niger\\\/\"]}]},{\"@type\":\"ImageObject\",\"inLanguage\":\"en-US\",\"@id\":\"https:\\\/\\\/aecniger.org\\\/index.php\\\/document\\\/le-droit-a-leducation-au-niger\\\/#primaryimage\",\"url\":\"https:\\\/\\\/aecniger.org\\\/wp-content\\\/uploads\\\/2026\\\/08\\\/Droit-a-lEducation-au-Niger.jpg\",\"contentUrl\":\"https:\\\/\\\/aecniger.org\\\/wp-content\\\/uploads\\\/2026\\\/08\\\/Droit-a-lEducation-au-Niger.jpg\",\"width\":609,\"height\":793},{\"@type\":\"BreadcrumbList\",\"@id\":\"https:\\\/\\\/aecniger.org\\\/index.php\\\/document\\\/le-droit-a-leducation-au-niger\\\/#breadcrumb\",\"itemListElement\":[{\"@type\":\"ListItem\",\"position\":1,\"name\":\"Home\",\"item\":\"https:\\\/\\\/aecniger.org\\\/\"},{\"@type\":\"ListItem\",\"position\":2,\"name\":\"Le droit \u00e0 l\u2019\u00c9ducation au Niger\"}]},{\"@type\":\"WebSite\",\"@id\":\"https:\\\/\\\/aecniger.org\\\/#website\",\"url\":\"https:\\\/\\\/aecniger.org\\\/\",\"name\":\"Alternative Espaces Citoyens\",\"description\":\"Ouvrir les portes de l&#039;avenir\",\"potentialAction\":[{\"@type\":\"SearchAction\",\"target\":{\"@type\":\"EntryPoint\",\"urlTemplate\":\"https:\\\/\\\/aecniger.org\\\/?s={search_term_string}\"},\"query-input\":{\"@type\":\"PropertyValueSpecification\",\"valueRequired\":true,\"valueName\":\"search_term_string\"}}],\"inLanguage\":\"en-US\"}]}<\/script>\n<!-- \/ Yoast SEO plugin. -->","yoast_head_json":{"title":"Le droit \u00e0 l\u2019\u00c9ducation au Niger - Alternative Espaces Citoyens","robots":{"index":"index","follow":"follow","max-snippet":"max-snippet:-1","max-image-preview":"max-image-preview:large","max-video-preview":"max-video-preview:-1"},"canonical":"https:\/\/aecniger.org\/index.php\/document\/le-droit-a-leducation-au-niger\/","og_locale":"en_US","og_type":"article","og_title":"Le droit \u00e0 l\u2019\u00c9ducation au Niger - Alternative Espaces Citoyens","og_description":"La pr\u00e9sente \u00e9tude est le fruit de plusieurs contributions. Que soient remerci\u00e9es ici toutes les personnes qui, \u00e0 un degr\u00e9 ou \u00e0 un autre, ont soit fourni la documentation n\u00e9cessaire, rare dans ce domaine, soit apport\u00e9 des amendements fort pertinents. En particulier, nous tenons \u00e0 remercier tous les repr\u00e9sentants des organisations de la soci\u00e9t\u00e9 civile qui, nonobstant la surcharge de leurs activit\u00e9s, ont notamment pris une part active \u00e0 la collecte des donn\u00e9es. A cet \u00e9gard, nous tenons \u00e0 remercier tout singuli\u00e8rement : Amina Tchemogo (AEC) Abdo Lawaly (AEC) Ehadj Idi Abdou (AEC) Mamane Moussa (SYNATREEN) Madame Daw\u00e8ye Nana Fassouma (SUSAS) Oumarou Idayatou (ROSEN) Albert Cha\u00efbou (AEC) Yahaya Abdou (RNDD) Diallo Yacouba (ROTAB) Hamadou Boulama (AEC) Soumana Ma\u00efga (SYNACEB) Une mention sp\u00e9ciale doit \u00eatre faite \u00e0 OXFAM NOVIB, notre partenaire dans le cadre de ce travail sur le suivi et l'analyse budg\u00e9taire. Ont contribu\u00e9 \u00e0 la r\u00e9daction de ce rapport : Moussa Tchangari Hassane Boukar Souley Adji Abdourahamane Ousmane Mamane Sani Adamou Moutari Mahamane Ousmane _____________ Avril 2008","og_url":"https:\/\/aecniger.org\/index.php\/document\/le-droit-a-leducation-au-niger\/","og_site_name":"Alternative Espaces Citoyens","article_modified_time":"2026-08-10T14:29:15+00:00","og_image":[{"width":609,"height":793,"url":"https:\/\/aecniger.org\/wp-content\/uploads\/2026\/08\/Droit-a-lEducation-au-Niger.jpg","type":"image\/jpeg"}],"twitter_card":"summary_large_image","twitter_misc":{"Est. reading time":"1 minute"},"schema":{"@context":"https:\/\/schema.org","@graph":[{"@type":"WebPage","@id":"https:\/\/aecniger.org\/index.php\/document\/le-droit-a-leducation-au-niger\/","url":"https:\/\/aecniger.org\/index.php\/document\/le-droit-a-leducation-au-niger\/","name":"Le droit \u00e0 l\u2019\u00c9ducation au Niger - Alternative Espaces Citoyens","isPartOf":{"@id":"https:\/\/aecniger.org\/#website"},"primaryImageOfPage":{"@id":"https:\/\/aecniger.org\/index.php\/document\/le-droit-a-leducation-au-niger\/#primaryimage"},"image":{"@id":"https:\/\/aecniger.org\/index.php\/document\/le-droit-a-leducation-au-niger\/#primaryimage"},"thumbnailUrl":"https:\/\/aecniger.org\/wp-content\/uploads\/2026\/08\/Droit-a-lEducation-au-Niger.jpg","datePublished":"2008-04-08T11:46:00+00:00","dateModified":"2026-08-10T14:29:15+00:00","breadcrumb":{"@id":"https:\/\/aecniger.org\/index.php\/document\/le-droit-a-leducation-au-niger\/#breadcrumb"},"inLanguage":"en-US","potentialAction":[{"@type":"ReadAction","target":["https:\/\/aecniger.org\/index.php\/document\/le-droit-a-leducation-au-niger\/"]}]},{"@type":"ImageObject","inLanguage":"en-US","@id":"https:\/\/aecniger.org\/index.php\/document\/le-droit-a-leducation-au-niger\/#primaryimage","url":"https:\/\/aecniger.org\/wp-content\/uploads\/2026\/08\/Droit-a-lEducation-au-Niger.jpg","contentUrl":"https:\/\/aecniger.org\/wp-content\/uploads\/2026\/08\/Droit-a-lEducation-au-Niger.jpg","width":609,"height":793},{"@type":"BreadcrumbList","@id":"https:\/\/aecniger.org\/index.php\/document\/le-droit-a-leducation-au-niger\/#breadcrumb","itemListElement":[{"@type":"ListItem","position":1,"name":"Home","item":"https:\/\/aecniger.org\/"},{"@type":"ListItem","position":2,"name":"Le droit \u00e0 l\u2019\u00c9ducation au Niger"}]},{"@type":"WebSite","@id":"https:\/\/aecniger.org\/#website","url":"https:\/\/aecniger.org\/","name":"Alternative Espaces Citoyens","description":"Ouvrir les portes de l&#039;avenir","potentialAction":[{"@type":"SearchAction","target":{"@type":"EntryPoint","urlTemplate":"https:\/\/aecniger.org\/?s={search_term_string}"},"query-input":{"@type":"PropertyValueSpecification","valueRequired":true,"valueName":"search_term_string"}}],"inLanguage":"en-US"}]}},"_links":{"self":[{"href":"https:\/\/aecniger.org\/index.php\/wp-json\/wp\/v2\/filedeck_document\/443","targetHints":{"allow":["GET"]}}],"collection":[{"href":"https:\/\/aecniger.org\/index.php\/wp-json\/wp\/v2\/filedeck_document"}],"about":[{"href":"https:\/\/aecniger.org\/index.php\/wp-json\/wp\/v2\/types\/filedeck_document"}],"author":[{"embeddable":true,"href":"https:\/\/aecniger.org\/index.php\/wp-json\/wp\/v2\/users\/1"}],"wp:featuredmedia":[{"embeddable":true,"href":"https:\/\/aecniger.org\/index.php\/wp-json\/wp\/v2\/media\/444"}],"wp:attachment":[{"href":"https:\/\/aecniger.org\/index.php\/wp-json\/wp\/v2\/media?parent=443"}],"wp:term":[{"taxonomy":"filedeck_category","embeddable":true,"href":"https:\/\/aecniger.org\/index.php\/wp-json\/wp\/v2\/filedeck_category?post=443"},{"taxonomy":"filedeck_tag","embeddable":true,"href":"https:\/\/aecniger.org\/index.php\/wp-json\/wp\/v2\/filedeck_tag?post=443"}],"curies":[{"name":"wp","href":"https:\/\/api.w.org\/{rel}","templated":true}]}}

Le droit à l’Éducation au Niger

<p>La présente étude est le fruit de plusieurs contributions. Que soient remerciées ici toutes les personnes qui, à un degré ou à un autre, ont soit fourni la documentation nécessaire, rare dans ce domaine, soit apporté des amendements fort pertinents.</p>
<p>En particulier, nous tenons à remercier tous les représentants des organisations de la société civile qui, nonobstant la surcharge de leurs activités, ont notamment pris une part active à la collecte des données. A cet égard, nous tenons à remercier tout singulièrement :<br />
Amina Tchemogo (AEC)<br />
Abdo Lawaly (AEC)<br />
Ehadj Idi Abdou (AEC)<br />
Mamane Moussa (SYNATREEN)<br />
Madame Dawèye Nana Fassouma (SUSAS)<br />
Oumarou Idayatou (ROSEN)<br />
Albert Chaïbou (AEC)<br />
Yahaya Abdou (RNDD)<br />
Diallo Yacouba (ROTAB)<br />
Hamadou Boulama (AEC)<br />
Soumana Maïga (SYNACEB)<br />
Une mention spéciale doit être faite à OXFAM NOVIB, notre partenaire dans le cadre de ce<br />
travail sur le suivi et l&#8217;analyse budgétaire.<br />
Ont contribué à la rédaction de ce rapport :<br />
Moussa Tchangari<br />
Hassane Boukar<br />
Souley Adji<br />
Abdourahamane Ousmane<br />
Mamane Sani Adamou<br />
Moutari Mahamane Ousmane<br />
_____________<br />
Avril 2008</p>

<!-- This site is optimized with the Yoast SEO plugin v28.4 - https://yoast.com/product/yoast-seo-wordpress/ -->
<title>Le droit à l’Éducation au Niger - Alternative Espaces Citoyens</title>
<meta name="robots" content="index, follow, max-snippet:-1, max-image-preview:large, max-video-preview:-1" />
<link rel="canonical" href="https://aecniger.org/index.php/document/le-droit-a-leducation-au-niger/" />
<meta property="og:locale" content="en_US" />
<meta property="og:type" content="article" />
<meta property="og:title" content="Le droit à l’Éducation au Niger - Alternative Espaces Citoyens" />
<meta property="og:description" content="La présente étude est le fruit de plusieurs contributions. Que soient remerciées ici toutes les personnes qui, à un degré ou à un autre, ont soit fourni la documentation nécessaire, rare dans ce domaine, soit apporté des amendements fort pertinents. En particulier, nous tenons à remercier tous les représentants des organisations de la société civile qui, nonobstant la surcharge de leurs activités, ont notamment pris une part active à la collecte des données. A cet égard, nous tenons à remercier tout singulièrement : Amina Tchemogo (AEC) Abdo Lawaly (AEC) Ehadj Idi Abdou (AEC) Mamane Moussa (SYNATREEN) Madame Dawèye Nana Fassouma (SUSAS) Oumarou Idayatou (ROSEN) Albert Chaïbou (AEC) Yahaya Abdou (RNDD) Diallo Yacouba (ROTAB) Hamadou Boulama (AEC) Soumana Maïga (SYNACEB) Une mention spéciale doit être faite à OXFAM NOVIB, notre partenaire dans le cadre de ce travail sur le suivi et l&#039;analyse budgétaire. Ont contribué à la rédaction de ce rapport : Moussa Tchangari Hassane Boukar Souley Adji Abdourahamane Ousmane Mamane Sani Adamou Moutari Mahamane Ousmane _____________ Avril 2008" />
<meta property="og:url" content="https://aecniger.org/index.php/document/le-droit-a-leducation-au-niger/" />
<meta property="og:site_name" content="Alternative Espaces Citoyens" />
<meta property="article:modified_time" content="2026-08-10T14:29:15+00:00" />
<meta property="og:image" content="https://aecniger.org/wp-content/uploads/2026/08/Droit-a-lEducation-au-Niger.jpg" />
	<meta property="og:image:width" content="609" />
	<meta property="og:image:height" content="793" />
	<meta property="og:image:type" content="image/jpeg" />
<meta name="twitter:card" content="summary_large_image" />
<meta name="twitter:label1" content="Est. reading time" />
	<meta name="twitter:data1" content="1 minute" />
<script type="application/ld+json" class="yoast-schema-graph">{"@context":"https:\/\/schema.org","@graph":[{"@type":"WebPage","@id":"https:\/\/aecniger.org\/index.php\/document\/le-droit-a-leducation-au-niger\/","url":"https:\/\/aecniger.org\/index.php\/document\/le-droit-a-leducation-au-niger\/","name":"Le droit à l’Éducation au Niger - Alternative Espaces Citoyens","isPartOf":{"@id":"https:\/\/aecniger.org\/#website"},"primaryImageOfPage":{"@id":"https:\/\/aecniger.org\/index.php\/document\/le-droit-a-leducation-au-niger\/#primaryimage"},"image":{"@id":"https:\/\/aecniger.org\/index.php\/document\/le-droit-a-leducation-au-niger\/#primaryimage"},"thumbnailUrl":"https:\/\/aecniger.org\/wp-content\/uploads\/2026\/08\/Droit-a-lEducation-au-Niger.jpg","datePublished":"2008-04-08T11:46:00+00:00","dateModified":"2026-08-10T14:29:15+00:00","breadcrumb":{"@id":"https:\/\/aecniger.org\/index.php\/document\/le-droit-a-leducation-au-niger\/#breadcrumb"},"inLanguage":"en-US","potentialAction":[{"@type":"ReadAction","target":["https:\/\/aecniger.org\/index.php\/document\/le-droit-a-leducation-au-niger\/"]}]},{"@type":"ImageObject","inLanguage":"en-US","@id":"https:\/\/aecniger.org\/index.php\/document\/le-droit-a-leducation-au-niger\/#primaryimage","url":"https:\/\/aecniger.org\/wp-content\/uploads\/2026\/08\/Droit-a-lEducation-au-Niger.jpg","contentUrl":"https:\/\/aecniger.org\/wp-content\/uploads\/2026\/08\/Droit-a-lEducation-au-Niger.jpg","width":609,"height":793},{"@type":"BreadcrumbList","@id":"https:\/\/aecniger.org\/index.php\/document\/le-droit-a-leducation-au-niger\/#breadcrumb","itemListElement":[{"@type":"ListItem","position":1,"name":"Home","item":"https:\/\/aecniger.org\/"},{"@type":"ListItem","position":2,"name":"Le droit à l’Éducation au Niger"}]},{"@type":"WebSite","@id":"https:\/\/aecniger.org\/#website","url":"https:\/\/aecniger.org\/","name":"Alternative Espaces Citoyens","description":"Ouvrir les portes de l&#039;avenir","potentialAction":[{"@type":"SearchAction","target":{"@type":"EntryPoint","urlTemplate":"https:\/\/aecniger.org\/?s={search_term_string}"},"query-input":{"@type":"PropertyValueSpecification","valueRequired":true,"valueName":"search_term_string"}}],"inLanguage":"en-US"}]}</script>
<!-- / Yoast SEO plugin. -->

Le droit à l’Éducation au Niger - Alternative Espaces Citoyens

La présente étude est le fruit de plusieurs contributions. Que soient remerciées ici toutes les personnes qui, à un degré ou à un autre, ont soit fourni la documentation nécessaire, rare dans ce domaine, soit apporté des amendements fort pertinents. En particulier, nous tenons à remercier tous les représentants des organisations de la société civile qui, nonobstant la surcharge de leurs activités, ont notamment pris une part active à la collecte des données. A cet égard, nous tenons à remercier tout singulièrement : Amina Tchemogo (AEC) Abdo Lawaly (AEC) Ehadj Idi Abdou (AEC) Mamane Moussa (SYNATREEN) Madame Dawèye Nana Fassouma (SUSAS) Oumarou Idayatou (ROSEN) Albert Chaïbou (AEC) Yahaya Abdou (RNDD) Diallo Yacouba (ROTAB) Hamadou Boulama (AEC) Soumana Maïga (SYNACEB) Une mention spéciale doit être faite à OXFAM NOVIB, notre partenaire dans le cadre de ce travail sur le suivi et l'analyse budgétaire. Ont contribué à la rédaction de ce rapport : Moussa Tchangari Hassane Boukar Souley Adji Abdourahamane Ousmane Mamane Sani Adamou Moutari Mahamane Ousmane _____________ Avril 2008
