{"id":393,"date":"2010-10-06T14:50:00","date_gmt":"2010-10-06T12:50:00","guid":{"rendered":"https:\/\/aecniger.org\/?post_type=filedeck_document&#038;p=393"},"modified":"2026-08-10T16:27:33","modified_gmt":"2026-08-10T14:27:33","slug":"combattre-la-faim-au-sahel","status":"publish","type":"filedeck_document","link":"https:\/\/aecniger.org\/index.php\/document\/combattre-la-faim-au-sahel\/","title":{"rendered":"Combattre la faim au Sahel"},"content":{"rendered":"","protected":false},"excerpt":{"rendered":"<p>RAPPORT DE SYNTH\u00c8SE DU FORUM TH\u00c9MATIQUE :<br \/>\nDROIT \u00c0 L\u2019ALIMENTATION ET SOUVERAINET\u00c9 ALIMENTAIRE, OCTOBRE &#8211; 2010<\/p>\n<p>Le pr\u00e9sent rapport de synth\u00e8se a \u00e9t\u00e9 r\u00e9alis\u00e9 par une \u00e9quipe compos\u00e9e notamment de :<br \/>\nMr. Cha\u00efbou Boubacar, Mme Mounka\u00efla A\u00efchatou Seyni et Mme Abdoulaye Mariama Diallo.<\/p>\n","protected":false},"author":1,"featured_media":72,"template":"","filedeck_category":[24,74,26],"filedeck_tag":[25,27,28],"class_list":["post-393","filedeck_document","type-filedeck_document","status-publish","has-post-thumbnail","hentry","filedeck_category-alimentation","filedeck_category-publication","filedeck_category-sahel","filedeck_tag-alimentation","filedeck_tag-faim","filedeck_tag-sahel","entry","has-media"],"yoast_head":"<!-- This site is optimized with the Yoast SEO plugin v28.4 - https:\/\/yoast.com\/product\/yoast-seo-wordpress\/ -->\n<title>Combattre la faim au Sahel - Alternative Espaces Citoyens<\/title>\n<meta name=\"robots\" content=\"index, follow, max-snippet:-1, max-image-preview:large, max-video-preview:-1\" \/>\n<link rel=\"canonical\" href=\"https:\/\/aecniger.org\/index.php\/document\/combattre-la-faim-au-sahel\/\" \/>\n<meta property=\"og:locale\" content=\"en_US\" \/>\n<meta property=\"og:type\" content=\"article\" \/>\n<meta property=\"og:title\" content=\"Combattre la faim au Sahel - Alternative Espaces Citoyens\" \/>\n<meta property=\"og:description\" content=\"RAPPORT DE SYNTH\u00c8SE DU FORUM TH\u00c9MATIQUE : DROIT \u00c0 L\u2019ALIMENTATION ET SOUVERAINET\u00c9 ALIMENTAIRE, OCTOBRE - 2010 Le pr\u00e9sent rapport de synth\u00e8se a \u00e9t\u00e9 r\u00e9alis\u00e9 par une \u00e9quipe compos\u00e9e notamment de : Mr. Cha\u00efbou Boubacar, Mme Mounka\u00efla A\u00efchatou Seyni et Mme Abdoulaye Mariama Diallo.\" \/>\n<meta property=\"og:url\" content=\"https:\/\/aecniger.org\/index.php\/document\/combattre-la-faim-au-sahel\/\" \/>\n<meta property=\"og:site_name\" content=\"Alternative Espaces Citoyens\" \/>\n<meta property=\"article:modified_time\" content=\"2026-08-10T14:27:33+00:00\" \/>\n<meta property=\"og:image\" content=\"https:\/\/aecniger.org\/wp-content\/uploads\/2026\/07\/Combattre-la-faim-au-Sahel-Copie.jpg\" \/>\n\t<meta property=\"og:image:width\" content=\"601\" \/>\n\t<meta property=\"og:image:height\" content=\"794\" \/>\n\t<meta property=\"og:image:type\" content=\"image\/jpeg\" \/>\n<meta name=\"twitter:card\" content=\"summary_large_image\" \/>\n<meta name=\"twitter:label1\" content=\"Est. reading time\" \/>\n\t<meta name=\"twitter:data1\" content=\"1 minute\" \/>\n<script type=\"application\/ld+json\" class=\"yoast-schema-graph\">{\"@context\":\"https:\\\/\\\/schema.org\",\"@graph\":[{\"@type\":\"WebPage\",\"@id\":\"https:\\\/\\\/aecniger.org\\\/index.php\\\/document\\\/combattre-la-faim-au-sahel\\\/\",\"url\":\"https:\\\/\\\/aecniger.org\\\/index.php\\\/document\\\/combattre-la-faim-au-sahel\\\/\",\"name\":\"Combattre la faim au Sahel - Alternative Espaces Citoyens\",\"isPartOf\":{\"@id\":\"https:\\\/\\\/aecniger.org\\\/#website\"},\"primaryImageOfPage\":{\"@id\":\"https:\\\/\\\/aecniger.org\\\/index.php\\\/document\\\/combattre-la-faim-au-sahel\\\/#primaryimage\"},\"image\":{\"@id\":\"https:\\\/\\\/aecniger.org\\\/index.php\\\/document\\\/combattre-la-faim-au-sahel\\\/#primaryimage\"},\"thumbnailUrl\":\"https:\\\/\\\/aecniger.org\\\/wp-content\\\/uploads\\\/2026\\\/07\\\/Combattre-la-faim-au-Sahel-Copie.jpg\",\"datePublished\":\"2010-10-06T12:50:00+00:00\",\"dateModified\":\"2026-08-10T14:27:33+00:00\",\"breadcrumb\":{\"@id\":\"https:\\\/\\\/aecniger.org\\\/index.php\\\/document\\\/combattre-la-faim-au-sahel\\\/#breadcrumb\"},\"inLanguage\":\"en-US\",\"potentialAction\":[{\"@type\":\"ReadAction\",\"target\":[\"https:\\\/\\\/aecniger.org\\\/index.php\\\/document\\\/combattre-la-faim-au-sahel\\\/\"]}]},{\"@type\":\"ImageObject\",\"inLanguage\":\"en-US\",\"@id\":\"https:\\\/\\\/aecniger.org\\\/index.php\\\/document\\\/combattre-la-faim-au-sahel\\\/#primaryimage\",\"url\":\"https:\\\/\\\/aecniger.org\\\/wp-content\\\/uploads\\\/2026\\\/07\\\/Combattre-la-faim-au-Sahel-Copie.jpg\",\"contentUrl\":\"https:\\\/\\\/aecniger.org\\\/wp-content\\\/uploads\\\/2026\\\/07\\\/Combattre-la-faim-au-Sahel-Copie.jpg\",\"width\":601,\"height\":794},{\"@type\":\"BreadcrumbList\",\"@id\":\"https:\\\/\\\/aecniger.org\\\/index.php\\\/document\\\/combattre-la-faim-au-sahel\\\/#breadcrumb\",\"itemListElement\":[{\"@type\":\"ListItem\",\"position\":1,\"name\":\"Home\",\"item\":\"https:\\\/\\\/aecniger.org\\\/\"},{\"@type\":\"ListItem\",\"position\":2,\"name\":\"Combattre la faim au Sahel\"}]},{\"@type\":\"WebSite\",\"@id\":\"https:\\\/\\\/aecniger.org\\\/#website\",\"url\":\"https:\\\/\\\/aecniger.org\\\/\",\"name\":\"Alternative Espaces Citoyens\",\"description\":\"Ouvrir les portes de l&#039;avenir\",\"potentialAction\":[{\"@type\":\"SearchAction\",\"target\":{\"@type\":\"EntryPoint\",\"urlTemplate\":\"https:\\\/\\\/aecniger.org\\\/?s={search_term_string}\"},\"query-input\":{\"@type\":\"PropertyValueSpecification\",\"valueRequired\":true,\"valueName\":\"search_term_string\"}}],\"inLanguage\":\"en-US\"}]}<\/script>\n<!-- \/ Yoast SEO plugin. -->","yoast_head_json":{"title":"Combattre la faim au Sahel - Alternative Espaces Citoyens","robots":{"index":"index","follow":"follow","max-snippet":"max-snippet:-1","max-image-preview":"max-image-preview:large","max-video-preview":"max-video-preview:-1"},"canonical":"https:\/\/aecniger.org\/index.php\/document\/combattre-la-faim-au-sahel\/","og_locale":"en_US","og_type":"article","og_title":"Combattre la faim au Sahel - Alternative Espaces Citoyens","og_description":"RAPPORT DE SYNTH\u00c8SE DU FORUM TH\u00c9MATIQUE : DROIT \u00c0 L\u2019ALIMENTATION ET SOUVERAINET\u00c9 ALIMENTAIRE, OCTOBRE - 2010 Le pr\u00e9sent rapport de synth\u00e8se a \u00e9t\u00e9 r\u00e9alis\u00e9 par une \u00e9quipe compos\u00e9e notamment de : Mr. Cha\u00efbou Boubacar, Mme Mounka\u00efla A\u00efchatou Seyni et Mme Abdoulaye Mariama Diallo.","og_url":"https:\/\/aecniger.org\/index.php\/document\/combattre-la-faim-au-sahel\/","og_site_name":"Alternative Espaces Citoyens","article_modified_time":"2026-08-10T14:27:33+00:00","og_image":[{"width":601,"height":794,"url":"https:\/\/aecniger.org\/wp-content\/uploads\/2026\/07\/Combattre-la-faim-au-Sahel-Copie.jpg","type":"image\/jpeg"}],"twitter_card":"summary_large_image","twitter_misc":{"Est. reading time":"1 minute"},"schema":{"@context":"https:\/\/schema.org","@graph":[{"@type":"WebPage","@id":"https:\/\/aecniger.org\/index.php\/document\/combattre-la-faim-au-sahel\/","url":"https:\/\/aecniger.org\/index.php\/document\/combattre-la-faim-au-sahel\/","name":"Combattre la faim au Sahel - Alternative Espaces Citoyens","isPartOf":{"@id":"https:\/\/aecniger.org\/#website"},"primaryImageOfPage":{"@id":"https:\/\/aecniger.org\/index.php\/document\/combattre-la-faim-au-sahel\/#primaryimage"},"image":{"@id":"https:\/\/aecniger.org\/index.php\/document\/combattre-la-faim-au-sahel\/#primaryimage"},"thumbnailUrl":"https:\/\/aecniger.org\/wp-content\/uploads\/2026\/07\/Combattre-la-faim-au-Sahel-Copie.jpg","datePublished":"2010-10-06T12:50:00+00:00","dateModified":"2026-08-10T14:27:33+00:00","breadcrumb":{"@id":"https:\/\/aecniger.org\/index.php\/document\/combattre-la-faim-au-sahel\/#breadcrumb"},"inLanguage":"en-US","potentialAction":[{"@type":"ReadAction","target":["https:\/\/aecniger.org\/index.php\/document\/combattre-la-faim-au-sahel\/"]}]},{"@type":"ImageObject","inLanguage":"en-US","@id":"https:\/\/aecniger.org\/index.php\/document\/combattre-la-faim-au-sahel\/#primaryimage","url":"https:\/\/aecniger.org\/wp-content\/uploads\/2026\/07\/Combattre-la-faim-au-Sahel-Copie.jpg","contentUrl":"https:\/\/aecniger.org\/wp-content\/uploads\/2026\/07\/Combattre-la-faim-au-Sahel-Copie.jpg","width":601,"height":794},{"@type":"BreadcrumbList","@id":"https:\/\/aecniger.org\/index.php\/document\/combattre-la-faim-au-sahel\/#breadcrumb","itemListElement":[{"@type":"ListItem","position":1,"name":"Home","item":"https:\/\/aecniger.org\/"},{"@type":"ListItem","position":2,"name":"Combattre la faim au Sahel"}]},{"@type":"WebSite","@id":"https:\/\/aecniger.org\/#website","url":"https:\/\/aecniger.org\/","name":"Alternative Espaces Citoyens","description":"Ouvrir les portes de l&#039;avenir","potentialAction":[{"@type":"SearchAction","target":{"@type":"EntryPoint","urlTemplate":"https:\/\/aecniger.org\/?s={search_term_string}"},"query-input":{"@type":"PropertyValueSpecification","valueRequired":true,"valueName":"search_term_string"}}],"inLanguage":"en-US"}]}},"_links":{"self":[{"href":"https:\/\/aecniger.org\/index.php\/wp-json\/wp\/v2\/filedeck_document\/393","targetHints":{"allow":["GET"]}}],"collection":[{"href":"https:\/\/aecniger.org\/index.php\/wp-json\/wp\/v2\/filedeck_document"}],"about":[{"href":"https:\/\/aecniger.org\/index.php\/wp-json\/wp\/v2\/types\/filedeck_document"}],"author":[{"embeddable":true,"href":"https:\/\/aecniger.org\/index.php\/wp-json\/wp\/v2\/users\/1"}],"wp:featuredmedia":[{"embeddable":true,"href":"https:\/\/aecniger.org\/index.php\/wp-json\/wp\/v2\/media\/72"}],"wp:attachment":[{"href":"https:\/\/aecniger.org\/index.php\/wp-json\/wp\/v2\/media?parent=393"}],"wp:term":[{"taxonomy":"filedeck_category","embeddable":true,"href":"https:\/\/aecniger.org\/index.php\/wp-json\/wp\/v2\/filedeck_category?post=393"},{"taxonomy":"filedeck_tag","embeddable":true,"href":"https:\/\/aecniger.org\/index.php\/wp-json\/wp\/v2\/filedeck_tag?post=393"}],"curies":[{"name":"wp","href":"https:\/\/api.w.org\/{rel}","templated":true}]}}

<p>RAPPORT DE SYNTHÈSE DU FORUM THÉMATIQUE :<br />
DROIT À L’ALIMENTATION ET SOUVERAINETÉ ALIMENTAIRE, OCTOBRE &#8211; 2010</p>
<p>Le présent rapport de synthèse a été réalisé par une équipe composée notamment de :<br />
Mr. Chaïbou Boubacar, Mme Mounkaïla Aïchatou Seyni et Mme Abdoulaye Mariama Diallo.</p>

<!-- This site is optimized with the Yoast SEO plugin v28.4 - https://yoast.com/product/yoast-seo-wordpress/ -->
<title>Combattre la faim au Sahel - Alternative Espaces Citoyens</title>
<meta name="robots" content="index, follow, max-snippet:-1, max-image-preview:large, max-video-preview:-1" />
<link rel="canonical" href="https://aecniger.org/index.php/document/combattre-la-faim-au-sahel/" />
<meta property="og:locale" content="en_US" />
<meta property="og:type" content="article" />
<meta property="og:title" content="Combattre la faim au Sahel - Alternative Espaces Citoyens" />
<meta property="og:description" content="RAPPORT DE SYNTHÈSE DU FORUM THÉMATIQUE : DROIT À L’ALIMENTATION ET SOUVERAINETÉ ALIMENTAIRE, OCTOBRE - 2010 Le présent rapport de synthèse a été réalisé par une équipe composée notamment de : Mr. Chaïbou Boubacar, Mme Mounkaïla Aïchatou Seyni et Mme Abdoulaye Mariama Diallo." />
<meta property="og:url" content="https://aecniger.org/index.php/document/combattre-la-faim-au-sahel/" />
<meta property="og:site_name" content="Alternative Espaces Citoyens" />
<meta property="article:modified_time" content="2026-08-10T14:27:33+00:00" />
<meta property="og:image" content="https://aecniger.org/wp-content/uploads/2026/07/Combattre-la-faim-au-Sahel-Copie.jpg" />
	<meta property="og:image:width" content="601" />
	<meta property="og:image:height" content="794" />
	<meta property="og:image:type" content="image/jpeg" />
<meta name="twitter:card" content="summary_large_image" />
<meta name="twitter:label1" content="Est. reading time" />
	<meta name="twitter:data1" content="1 minute" />
<script type="application/ld+json" class="yoast-schema-graph">{"@context":"https:\/\/schema.org","@graph":[{"@type":"WebPage","@id":"https:\/\/aecniger.org\/index.php\/document\/combattre-la-faim-au-sahel\/","url":"https:\/\/aecniger.org\/index.php\/document\/combattre-la-faim-au-sahel\/","name":"Combattre la faim au Sahel - Alternative Espaces Citoyens","isPartOf":{"@id":"https:\/\/aecniger.org\/#website"},"primaryImageOfPage":{"@id":"https:\/\/aecniger.org\/index.php\/document\/combattre-la-faim-au-sahel\/#primaryimage"},"image":{"@id":"https:\/\/aecniger.org\/index.php\/document\/combattre-la-faim-au-sahel\/#primaryimage"},"thumbnailUrl":"https:\/\/aecniger.org\/wp-content\/uploads\/2026\/07\/Combattre-la-faim-au-Sahel-Copie.jpg","datePublished":"2010-10-06T12:50:00+00:00","dateModified":"2026-08-10T14:27:33+00:00","breadcrumb":{"@id":"https:\/\/aecniger.org\/index.php\/document\/combattre-la-faim-au-sahel\/#breadcrumb"},"inLanguage":"en-US","potentialAction":[{"@type":"ReadAction","target":["https:\/\/aecniger.org\/index.php\/document\/combattre-la-faim-au-sahel\/"]}]},{"@type":"ImageObject","inLanguage":"en-US","@id":"https:\/\/aecniger.org\/index.php\/document\/combattre-la-faim-au-sahel\/#primaryimage","url":"https:\/\/aecniger.org\/wp-content\/uploads\/2026\/07\/Combattre-la-faim-au-Sahel-Copie.jpg","contentUrl":"https:\/\/aecniger.org\/wp-content\/uploads\/2026\/07\/Combattre-la-faim-au-Sahel-Copie.jpg","width":601,"height":794},{"@type":"BreadcrumbList","@id":"https:\/\/aecniger.org\/index.php\/document\/combattre-la-faim-au-sahel\/#breadcrumb","itemListElement":[{"@type":"ListItem","position":1,"name":"Home","item":"https:\/\/aecniger.org\/"},{"@type":"ListItem","position":2,"name":"Combattre la faim au Sahel"}]},{"@type":"WebSite","@id":"https:\/\/aecniger.org\/#website","url":"https:\/\/aecniger.org\/","name":"Alternative Espaces Citoyens","description":"Ouvrir les portes de l&#039;avenir","potentialAction":[{"@type":"SearchAction","target":{"@type":"EntryPoint","urlTemplate":"https:\/\/aecniger.org\/?s={search_term_string}"},"query-input":{"@type":"PropertyValueSpecification","valueRequired":true,"valueName":"search_term_string"}}],"inLanguage":"en-US"}]}</script>
<!-- / Yoast SEO plugin. -->

RAPPORT DE SYNTHÈSE DU FORUM THÉMATIQUE : DROIT À L’ALIMENTATION ET SOUVERAINETÉ ALIMENTAIRE, OCTOBRE - 2010 Le présent rapport de synthèse a été réalisé par une équipe composée notamment de : Mr. Chaïbou Boubacar, Mme Mounkaïla Aïchatou Seyni et Mme Abdoulaye Mariama Diallo.
