{"version":"1.0","provider_name":"Alternative Espaces Citoyens","provider_url":"https:\/\/aecniger.org","author_name":"admin","author_url":"https:\/\/aecniger.org\/index.php\/author\/admin\/","title":"Pr\u00e9venir et g\u00e9rer les crises alimentaires au Niger - Alternative Espaces Citoyens","type":"rich","width":600,"height":338,"html":"<blockquote class=\"wp-embedded-content\" data-secret=\"i7SPEPHL6y\"><a href=\"https:\/\/aecniger.org\/index.php\/document\/prevenir-et-gerer-les-crises-alimentaires-au-niger\/\">Pr\u00e9venir et g\u00e9rer les crises alimentaires au Niger<\/a><\/blockquote><iframe sandbox=\"allow-scripts\" security=\"restricted\" src=\"https:\/\/aecniger.org\/index.php\/document\/prevenir-et-gerer-les-crises-alimentaires-au-niger\/embed\/#?secret=i7SPEPHL6y\" width=\"600\" height=\"338\" title=\"&#8220;Pr\u00e9venir et g\u00e9rer les crises alimentaires au Niger&#8221; &#8212; Alternative Espaces Citoyens\" data-secret=\"i7SPEPHL6y\" frameborder=\"0\" marginwidth=\"0\" marginheight=\"0\" scrolling=\"no\" class=\"wp-embedded-content\"><\/iframe><script>\n\/*! This file is auto-generated *\/\n!function(d,l){\"use strict\";l.querySelector&&d.addEventListener&&\"undefined\"!=typeof URL&&(d.wp=d.wp||{},d.wp.receiveEmbedMessage||(d.wp.receiveEmbedMessage=function(e){var t=e.data;if((t||t.secret||t.message||t.value)&&!\/[^a-zA-Z0-9]\/.test(t.secret)){for(var s,r,n,a=l.querySelectorAll('iframe[data-secret=\"'+t.secret+'\"]'),o=l.querySelectorAll('blockquote[data-secret=\"'+t.secret+'\"]'),c=new RegExp(\"^https?:$\",\"i\"),i=0;i<o.length;i++)o[i].style.display=\"none\";for(i=0;i<a.length;i++)s=a[i],e.source===s.contentWindow&&(s.removeAttribute(\"style\"),\"height\"===t.message?(1e3<(r=parseInt(t.value,10))?r=1e3:~~r<200&&(r=200),s.height=r):\"link\"===t.message&&(r=new URL(s.getAttribute(\"src\")),n=new URL(t.value),c.test(n.protocol))&&n.host===r.host&&l.activeElement===s&&(d.top.location.href=t.value))}},d.addEventListener(\"message\",d.wp.receiveEmbedMessage,!1),l.addEventListener(\"DOMContentLoaded\",function(){for(var e,t,s=l.querySelectorAll(\"iframe.wp-embedded-content\"),r=0;r<s.length;r++)(t=(e=s[r]).getAttribute(\"data-secret\"))||(t=Math.random().toString(36).substring(2,12),e.src+=\"#?secret=\"+t,e.setAttribute(\"data-secret\",t)),e.contentWindow.postMessage({message:\"ready\",secret:t},\"*\")},!1)))}(window,document);\n\/\/# sourceURL=https:\/\/aecniger.org\/wp-includes\/js\/wp-embed.min.js\n<\/script>\n","thumbnail_url":"https:\/\/aecniger.org\/wp-content\/uploads\/2026\/08\/Preveneir_et_gerer_les_Crises_alimentaires-au-Niger.jpg","thumbnail_width":609,"thumbnail_height":793,"description":"Apr\u00e8s un processus consultatif engag\u00e9 en 2007, les ministres en charge de l\u2019Agriculture et de l\u2019alimentation des pays membres de la CEDEAO, de la Mauritanie et du Tchad ont adopt\u00e9, le 17 novembre 2011, la Charte pour la pr\u00e9vention et la gestion des crises alimentaires. Cette Charte est une version r\u00e9vis\u00e9e de la Charte de l\u2019aide alimentaire adopt\u00e9e en 1990 par les pays membres du CILSS et les donateurs membres du Club du Sahel. Elle est un code de conduite engageant les gouvernements, les organisations inter-gouvernementales, les organisations de la soci\u00e9t\u00e9 civile et les partenaires techniques et financiers engag\u00e9s dans la pr\u00e9vention et la gestion des crises alimentaires."}

Prévenir et gérer les crises alimentaires au Niger - Alternative Espaces Citoyens

<blockquote class="wp-embedded-content" data-secret="i7SPEPHL6y"><a href="https://aecniger.org/index.php/document/prevenir-et-gerer-les-crises-alimentaires-au-niger/">Prévenir et gérer les crises alimentaires au Niger</a></blockquote><iframe sandbox="allow-scripts" security="restricted" src="https://aecniger.org/index.php/document/prevenir-et-gerer-les-crises-alimentaires-au-niger/embed/#?secret=i7SPEPHL6y" width="600" height="338" title="&#8220;Prévenir et gérer les crises alimentaires au Niger&#8221; &#8212; Alternative Espaces Citoyens" data-secret="i7SPEPHL6y" frameborder="0" marginwidth="0" marginheight="0" scrolling="no" class="wp-embedded-content"></iframe><script>
/*! This file is auto-generated */
!function(d,l){"use strict";l.querySelector&&d.addEventListener&&"undefined"!=typeof URL&&(d.wp=d.wp||{},d.wp.receiveEmbedMessage||(d.wp.receiveEmbedMessage=function(e){var t=e.data;if((t||t.secret||t.message||t.value)&&!/[^a-zA-Z0-9]/.test(t.secret)){for(var s,r,n,a=l.querySelectorAll('iframe[data-secret="'+t.secret+'"]'),o=l.querySelectorAll('blockquote[data-secret="'+t.secret+'"]'),c=new RegExp("^https?:$","i"),i=0;i<o.length;i++)o[i].style.display="none";for(i=0;i<a.length;i++)s=a[i],e.source===s.contentWindow&&(s.removeAttribute("style"),"height"===t.message?(1e3<(r=parseInt(t.value,10))?r=1e3:~~r<200&&(r=200),s.height=r):"link"===t.message&&(r=new URL(s.getAttribute("src")),n=new URL(t.value),c.test(n.protocol))&&n.host===r.host&&l.activeElement===s&&(d.top.location.href=t.value))}},d.addEventListener("message",d.wp.receiveEmbedMessage,!1),l.addEventListener("DOMContentLoaded",function(){for(var e,t,s=l.querySelectorAll("iframe.wp-embedded-content"),r=0;r<s.length;r++)(t=(e=s[r]).getAttribute("data-secret"))||(t=Math.random().toString(36).substring(2,12),e.src+="#?secret="+t,e.setAttribute("data-secret",t)),e.contentWindow.postMessage({message:"ready",secret:t},"*")},!1)))}(window,document);
//# sourceURL=https://aecniger.org/wp-includes/js/wp-embed.min.js
</script>

Après un processus consultatif engagé en 2007, les ministres en charge de l’Agriculture et de l’alimentation des pays membres de la CEDEAO, de la Mauritanie et du Tchad ont adopté, le 17 novembre 2011, la Charte pour la prévention et la gestion des crises alimentaires. Cette Charte est une version révisée de la Charte de l’aide alimentaire adoptée en 1990 par les pays membres du CILSS et les donateurs membres du Club du Sahel. Elle est un code de conduite engageant les gouvernements, les organisations inter-gouvernementales, les organisations de la société civile et les partenaires techniques et financiers engagés dans la prévention et la gestion des crises alimentaires.
